{"version":"1.0","provider_name":"Feira do Livro","provider_url":"https:\/\/www.cmc.com.br\/feiradolivro2019","author_name":"Tatiana","author_url":"https:\/\/www.cmc.com.br\/feiradolivro2019\/author\/tatiana\/","title":"Cida Novaes - Feira do Livro","type":"rich","width":600,"height":338,"html":"<blockquote class=\"wp-embedded-content\" data-secret=\"exfRzKtPDz\"><a href=\"https:\/\/www.cmc.com.br\/feiradolivro2019\/conteudos\/cida-novaes\/\">Cida Novaes<\/a><\/blockquote><iframe sandbox=\"allow-scripts\" security=\"restricted\" src=\"https:\/\/www.cmc.com.br\/feiradolivro2019\/conteudos\/cida-novaes\/embed\/#?secret=exfRzKtPDz\" width=\"600\" height=\"338\" title=\"&#8220;Cida Novaes&#8221; &#8212; Feira do Livro\" data-secret=\"exfRzKtPDz\" frameborder=\"0\" marginwidth=\"0\" marginheight=\"0\" scrolling=\"no\" class=\"wp-embedded-content\"><\/iframe><script type=\"text\/javascript\">\n\/* <![CDATA[ *\/\n\/*! This file is auto-generated *\/\n!function(d,l){\"use strict\";l.querySelector&&d.addEventListener&&\"undefined\"!=typeof URL&&(d.wp=d.wp||{},d.wp.receiveEmbedMessage||(d.wp.receiveEmbedMessage=function(e){var t=e.data;if((t||t.secret||t.message||t.value)&&!\/[^a-zA-Z0-9]\/.test(t.secret)){for(var s,r,n,a=l.querySelectorAll('iframe[data-secret=\"'+t.secret+'\"]'),o=l.querySelectorAll('blockquote[data-secret=\"'+t.secret+'\"]'),c=new RegExp(\"^https?:$\",\"i\"),i=0;i<o.length;i++)o[i].style.display=\"none\";for(i=0;i<a.length;i++)s=a[i],e.source===s.contentWindow&&(s.removeAttribute(\"style\"),\"height\"===t.message?(1e3<(r=parseInt(t.value,10))?r=1e3:~~r<200&&(r=200),s.height=r):\"link\"===t.message&&(r=new URL(s.getAttribute(\"src\")),n=new URL(t.value),c.test(n.protocol))&&n.host===r.host&&l.activeElement===s&&(d.top.location.href=t.value))}},d.addEventListener(\"message\",d.wp.receiveEmbedMessage,!1),l.addEventListener(\"DOMContentLoaded\",function(){for(var e,t,s=l.querySelectorAll(\"iframe.wp-embedded-content\"),r=0;r<s.length;r++)(t=(e=s[r]).getAttribute(\"data-secret\"))||(t=Math.random().toString(36).substring(2,12),e.src+=\"#?secret=\"+t,e.setAttribute(\"data-secret\",t)),e.contentWindow.postMessage({message:\"ready\",secret:t},\"*\")},!1)))}(window,document);\n\/* ]]> *\/\n<\/script>\n","description":"Cida Novaes \u00e9 gestora de pessoas na \u00e1rea de Sa\u00fade P\u00fablica. Como gestora, coordena espa\u00e7os de creche, destinados aos filhos de funcion\u00e1rios. Hist\u00f3ria de Nica \u00e9 seu primeiro trabalho na categoria livro infantil. Hist\u00f3rias de Nica &#8211; Sess\u00e3o de Aut\u00f3grafos 11h30 a 12h30\u00a0 \u00a0 \u00a0 Stand 16"}

Cida Novaes é gestora de pessoas na área de Saúde Pública. Como gestora, coordena espaços de creche, destinados aos filhos de funcionários. História de Nica é seu primeiro trabalho na categoria livro infantil. Histórias de Nica &#8211; Sessão de Autógrafos 11h30 a 12h30      Stand 16
