{"version":"1.0","provider_name":"Feira do Livro","provider_url":"https:\/\/www.cmc.com.br\/feiradolivro2019","author_name":"Tatiana","author_url":"https:\/\/www.cmc.com.br\/feiradolivro2019\/author\/tatiana\/","title":"Iris Figueiredo - Feira do Livro","type":"rich","width":600,"height":338,"html":"<blockquote class=\"wp-embedded-content\" data-secret=\"RCxevHToM8\"><a href=\"https:\/\/www.cmc.com.br\/feiradolivro2019\/conteudos\/iris-figueiredo\/\">Iris Figueiredo<\/a><\/blockquote><iframe sandbox=\"allow-scripts\" security=\"restricted\" src=\"https:\/\/www.cmc.com.br\/feiradolivro2019\/conteudos\/iris-figueiredo\/embed\/#?secret=RCxevHToM8\" width=\"600\" height=\"338\" title=\"&#8220;Iris Figueiredo&#8221; &#8212; Feira do Livro\" data-secret=\"RCxevHToM8\" frameborder=\"0\" marginwidth=\"0\" marginheight=\"0\" scrolling=\"no\" class=\"wp-embedded-content\"><\/iframe><script type=\"text\/javascript\">\n\/* <![CDATA[ *\/\n\/*! This file is auto-generated *\/\n!function(d,l){\"use strict\";l.querySelector&&d.addEventListener&&\"undefined\"!=typeof URL&&(d.wp=d.wp||{},d.wp.receiveEmbedMessage||(d.wp.receiveEmbedMessage=function(e){var t=e.data;if((t||t.secret||t.message||t.value)&&!\/[^a-zA-Z0-9]\/.test(t.secret)){for(var s,r,n,a=l.querySelectorAll('iframe[data-secret=\"'+t.secret+'\"]'),o=l.querySelectorAll('blockquote[data-secret=\"'+t.secret+'\"]'),c=new RegExp(\"^https?:$\",\"i\"),i=0;i<o.length;i++)o[i].style.display=\"none\";for(i=0;i<a.length;i++)s=a[i],e.source===s.contentWindow&&(s.removeAttribute(\"style\"),\"height\"===t.message?(1e3<(r=parseInt(t.value,10))?r=1e3:~~r<200&&(r=200),s.height=r):\"link\"===t.message&&(r=new URL(s.getAttribute(\"src\")),n=new URL(t.value),c.test(n.protocol))&&n.host===r.host&&l.activeElement===s&&(d.top.location.href=t.value))}},d.addEventListener(\"message\",d.wp.receiveEmbedMessage,!1),l.addEventListener(\"DOMContentLoaded\",function(){for(var e,t,s=l.querySelectorAll(\"iframe.wp-embedded-content\"),r=0;r<s.length;r++)(t=(e=s[r]).getAttribute(\"data-secret\"))||(t=Math.random().toString(36).substring(2,12),e.src+=\"#?secret=\"+t,e.setAttribute(\"data-secret\",t)),e.contentWindow.postMessage({message:\"ready\",secret:t},\"*\")},!1)))}(window,document);\n\/* ]]> *\/\n<\/script>\n","description":"Iris Figueiredo nasceu em 1992, na regi\u00e3o metropolitana do Rio de Janeiro. \u00c9 formada em Produ\u00e7\u00e3o Editorial pela UFRJ e p\u00f3s-graduada em Transm\u00eddia. J\u00e1 atuou em diversas \u00e1reas do mercado editorial e manteve por muitos anos o blog &#8220;Literalmente Falando\u201d. Livro: C\u00e9u sem estrelas 9h30 a 10h30\u00a0 9\u00ba ABCD e 1\u00ba EM\u00a0\u00a0 Teatro"}

Iris Figueiredo nasceu em 1992, na região metropolitana do Rio de Janeiro. É formada em Produção Editorial pela UFRJ e pós-graduada em Transmídia. Já atuou em diversas áreas do mercado editorial e manteve por muitos anos o blog &#8220;Literalmente Falando”. Livro: Céu sem estrelas 9h30 a 10h30  9º ABCD e 1º EM   Teatro
