{"version":"1.0","provider_name":"Feira do Livro","provider_url":"https:\/\/www.cmc.com.br\/feiradolivro2021","author_name":"Tatiana","author_url":"https:\/\/www.cmc.com.br\/feiradolivro2021\/author\/tatiana\/","title":"Duda Porto de Sousa - Feira do Livro","type":"rich","width":600,"height":338,"html":"<blockquote class=\"wp-embedded-content\" data-secret=\"Jm3A3aATcy\"><a href=\"https:\/\/www.cmc.com.br\/feiradolivro2021\/conteudos\/duda-porto-de-sousa\/\">Duda Porto de Sousa<\/a><\/blockquote><iframe sandbox=\"allow-scripts\" security=\"restricted\" src=\"https:\/\/www.cmc.com.br\/feiradolivro2021\/conteudos\/duda-porto-de-sousa\/embed\/#?secret=Jm3A3aATcy\" width=\"600\" height=\"338\" title=\"&#8220;Duda Porto de Sousa&#8221; &#8212; Feira do Livro\" data-secret=\"Jm3A3aATcy\" frameborder=\"0\" marginwidth=\"0\" marginheight=\"0\" scrolling=\"no\" class=\"wp-embedded-content\"><\/iframe><script type=\"text\/javascript\">\n\/* <![CDATA[ *\/\n\/*! This file is auto-generated *\/\n!function(d,l){\"use strict\";l.querySelector&&d.addEventListener&&\"undefined\"!=typeof URL&&(d.wp=d.wp||{},d.wp.receiveEmbedMessage||(d.wp.receiveEmbedMessage=function(e){var t=e.data;if((t||t.secret||t.message||t.value)&&!\/[^a-zA-Z0-9]\/.test(t.secret)){for(var s,r,n,a=l.querySelectorAll('iframe[data-secret=\"'+t.secret+'\"]'),o=l.querySelectorAll('blockquote[data-secret=\"'+t.secret+'\"]'),c=new RegExp(\"^https?:$\",\"i\"),i=0;i<o.length;i++)o[i].style.display=\"none\";for(i=0;i<a.length;i++)s=a[i],e.source===s.contentWindow&&(s.removeAttribute(\"style\"),\"height\"===t.message?(1e3<(r=parseInt(t.value,10))?r=1e3:~~r<200&&(r=200),s.height=r):\"link\"===t.message&&(r=new URL(s.getAttribute(\"src\")),n=new URL(t.value),c.test(n.protocol))&&n.host===r.host&&l.activeElement===s&&(d.top.location.href=t.value))}},d.addEventListener(\"message\",d.wp.receiveEmbedMessage,!1),l.addEventListener(\"DOMContentLoaded\",function(){for(var e,t,s=l.querySelectorAll(\"iframe.wp-embedded-content\"),r=0;r<s.length;r++)(t=(e=s[r]).getAttribute(\"data-secret\"))||(t=Math.random().toString(36).substring(2,12),e.src+=\"#?secret=\"+t,e.setAttribute(\"data-secret\",t)),e.contentWindow.postMessage({message:\"ready\",secret:t},\"*\")},!1)))}(window,document);\n\/* ]]> *\/\n<\/script>\n","description":"\u00c9 respons\u00e1vel pela cria\u00e7\u00e3o da primeira Biblioteca Multil\u00edngue Infantil p\u00fablica do Brasil, localizada em S\u00e3o Paulo. Jornalista, j\u00e1 colaborou com diversas publica\u00e7\u00f5es do segmento infantil. J\u00e1 participou do desenvolvimento de exposi\u00e7\u00f5es de grande p\u00fablico, al\u00e9m de atuar como consultora na cria\u00e7\u00e3o da primeira galeria de arte de Manaus. \u00c9 professora-convidada do curso de Artes Visuais [&hellip;]","thumbnail_url":"https:\/\/www.cmc.com.br\/feiradolivro2021\/wp-content\/uploads\/2021\/05\/Duda-Portode-Sousa.jpg"}

É responsável pela criação da primeira Biblioteca Multilíngue Infantil pública do Brasil, localizada em São Paulo. Jornalista, já colaborou com diversas publicações do segmento infantil. Já participou do desenvolvimento de exposições de grande público, além de atuar como consultora na criação da primeira galeria de arte de Manaus. É professora-convidada do curso de Artes Visuais [&hellip;]
