{"version":"1.0","provider_name":"Feira do Livro","provider_url":"https:\/\/www.cmc.com.br\/feiradolivro2021","author_name":"Fabio","author_url":"https:\/\/www.cmc.com.br\/feiradolivro2021\/author\/fabio\/","title":"Gloria\u00a0Fuertes\u00a0 - Feira do Livro","type":"rich","width":600,"height":338,"html":"<blockquote class=\"wp-embedded-content\" data-secret=\"RxteHTwGSH\"><a href=\"https:\/\/www.cmc.com.br\/feiradolivro2021\/conteudos\/gloria-fuertes\/\">Gloria\u00a0Fuertes\u00a0<\/a><\/blockquote><iframe sandbox=\"allow-scripts\" security=\"restricted\" src=\"https:\/\/www.cmc.com.br\/feiradolivro2021\/conteudos\/gloria-fuertes\/embed\/#?secret=RxteHTwGSH\" width=\"600\" height=\"338\" title=\"&#8220;Gloria\u00a0Fuertes\u00a0&#8221; &#8212; Feira do Livro\" data-secret=\"RxteHTwGSH\" frameborder=\"0\" marginwidth=\"0\" marginheight=\"0\" scrolling=\"no\" class=\"wp-embedded-content\"><\/iframe><script type=\"text\/javascript\">\n\/* <![CDATA[ *\/\n\/*! This file is auto-generated *\/\n!function(d,l){\"use strict\";l.querySelector&&d.addEventListener&&\"undefined\"!=typeof URL&&(d.wp=d.wp||{},d.wp.receiveEmbedMessage||(d.wp.receiveEmbedMessage=function(e){var t=e.data;if((t||t.secret||t.message||t.value)&&!\/[^a-zA-Z0-9]\/.test(t.secret)){for(var s,r,n,a=l.querySelectorAll('iframe[data-secret=\"'+t.secret+'\"]'),o=l.querySelectorAll('blockquote[data-secret=\"'+t.secret+'\"]'),c=new RegExp(\"^https?:$\",\"i\"),i=0;i<o.length;i++)o[i].style.display=\"none\";for(i=0;i<a.length;i++)s=a[i],e.source===s.contentWindow&&(s.removeAttribute(\"style\"),\"height\"===t.message?(1e3<(r=parseInt(t.value,10))?r=1e3:~~r<200&&(r=200),s.height=r):\"link\"===t.message&&(r=new URL(s.getAttribute(\"src\")),n=new URL(t.value),c.test(n.protocol))&&n.host===r.host&&l.activeElement===s&&(d.top.location.href=t.value))}},d.addEventListener(\"message\",d.wp.receiveEmbedMessage,!1),l.addEventListener(\"DOMContentLoaded\",function(){for(var e,t,s=l.querySelectorAll(\"iframe.wp-embedded-content\"),r=0;r<s.length;r++)(t=(e=s[r]).getAttribute(\"data-secret\"))||(t=Math.random().toString(36).substring(2,12),e.src+=\"#?secret=\"+t,e.setAttribute(\"data-secret\",t)),e.contentWindow.postMessage({message:\"ready\",secret:t},\"*\")},!1)))}(window,document);\n\/* ]]> *\/\n<\/script>\n","description":"Gloria\u00a0Fuertes\u00a0 Para esta feria del libro 2021 hemos estudiado los poemas de Gloria Fuertes, una poetisa espa\u00f1ola que naci\u00f3 en Madrid en 1917.\u202f\u202f\u00a0 El trabajo realizado con el alumnado tuvo como objetivo conocer una peque\u00f1a biograf\u00eda de la autora, el g\u00e9nero textual \u2013 la poes\u00eda -\u202f\u202fy\u202fampliar el vocabulario.\u202f\u202f\u00a0 Infantil 3 aprendi\u00f3 las partes de la [&hellip;]","thumbnail_url":"https:\/\/www.cmc.com.br\/feiradolivro2021\/wp-content\/uploads\/2021\/05\/gloria-fuertes_b-212x300.jpg"}

Gloria Fuertes  Para esta feria del libro 2021 hemos estudiado los poemas de Gloria Fuertes, una poetisa española que nació en Madrid en 1917.    El trabajo realizado con el alumnado tuvo como objetivo conocer una pequeña biografía de la autora, el género textual – la poesía -  y ampliar el vocabulario.    Infantil 3 aprendió las partes de la [&hellip;]
