{"version":"1.0","provider_name":"Feira do Livro","provider_url":"https:\/\/www.cmc.com.br\/feiradolivro2021","author_name":"Tatiana","author_url":"https:\/\/www.cmc.com.br\/feiradolivro2021\/author\/tatiana\/","title":"Produ\u00e7\u00e3o Audiovisual  - 1984  - 2\u00baano EM - Feira do Livro","type":"rich","width":600,"height":338,"html":"<blockquote class=\"wp-embedded-content\" data-secret=\"vH4BDOJWfi\"><a href=\"https:\/\/www.cmc.com.br\/feiradolivro2021\/conteudos\/producao-audiovisual-1984\/\">Produ\u00e7\u00e3o  Audiovisual   &#8211;  1984   &#8211;  2\u00baano EM<\/a><\/blockquote><iframe sandbox=\"allow-scripts\" security=\"restricted\" src=\"https:\/\/www.cmc.com.br\/feiradolivro2021\/conteudos\/producao-audiovisual-1984\/embed\/#?secret=vH4BDOJWfi\" width=\"600\" height=\"338\" title=\"&#8220;Produ\u00e7\u00e3o  Audiovisual   &#8211;  1984   &#8211;  2\u00baano EM&#8221; &#8212; Feira do Livro\" data-secret=\"vH4BDOJWfi\" frameborder=\"0\" marginwidth=\"0\" marginheight=\"0\" scrolling=\"no\" class=\"wp-embedded-content\"><\/iframe><script type=\"text\/javascript\">\n\/* <![CDATA[ *\/\n\/*! This file is auto-generated *\/\n!function(d,l){\"use strict\";l.querySelector&&d.addEventListener&&\"undefined\"!=typeof URL&&(d.wp=d.wp||{},d.wp.receiveEmbedMessage||(d.wp.receiveEmbedMessage=function(e){var t=e.data;if((t||t.secret||t.message||t.value)&&!\/[^a-zA-Z0-9]\/.test(t.secret)){for(var s,r,n,a=l.querySelectorAll('iframe[data-secret=\"'+t.secret+'\"]'),o=l.querySelectorAll('blockquote[data-secret=\"'+t.secret+'\"]'),c=new RegExp(\"^https?:$\",\"i\"),i=0;i<o.length;i++)o[i].style.display=\"none\";for(i=0;i<a.length;i++)s=a[i],e.source===s.contentWindow&&(s.removeAttribute(\"style\"),\"height\"===t.message?(1e3<(r=parseInt(t.value,10))?r=1e3:~~r<200&&(r=200),s.height=r):\"link\"===t.message&&(r=new URL(s.getAttribute(\"src\")),n=new URL(t.value),c.test(n.protocol))&&n.host===r.host&&l.activeElement===s&&(d.top.location.href=t.value))}},d.addEventListener(\"message\",d.wp.receiveEmbedMessage,!1),l.addEventListener(\"DOMContentLoaded\",function(){for(var e,t,s=l.querySelectorAll(\"iframe.wp-embedded-content\"),r=0;r<s.length;r++)(t=(e=s[r]).getAttribute(\"data-secret\"))||(t=Math.random().toString(36).substring(2,12),e.src+=\"#?secret=\"+t,e.setAttribute(\"data-secret\",t)),e.contentWindow.postMessage({message:\"ready\",secret:t},\"*\")},!1)))}(window,document);\n\/* ]]> *\/\n<\/script>\n","description":"Obra adotada: 1984, de George Orwell \u2013 Adaptado e ilustrado por Fido Nesti Trabalho interdisciplinar, desenvolvido pelas disciplinas de Produ\u00e7\u00e3o de Textos (Turmas da professora M\u00e9rope Bernacchi), Filosofia (Professor Giovane Rodrigues Silva) e Hist\u00f3ria (Professor Roberson Campos de Oliveira) Sobre a obra: \u00danica adapta\u00e7\u00e3o em quadrinhos, at\u00e9 o momento, da obra magistral e de maior [&hellip;]","thumbnail_url":"https:\/\/www.cmc.com.br\/feiradolivro2021\/wp-content\/uploads\/2021\/05\/FOTO-CAPA-DO-LIVRO-1984-George-Orwell-Fido-Nesti.jpg"}

Produção Audiovisual  - 1984  - 2ºano EM - Feira do Livro

<blockquote class="wp-embedded-content" data-secret="vH4BDOJWfi"><a href="https://www.cmc.com.br/feiradolivro2021/conteudos/producao-audiovisual-1984/">Produção  Audiovisual   &#8211;  1984   &#8211;  2ºano EM</a></blockquote><iframe sandbox="allow-scripts" security="restricted" src="https://www.cmc.com.br/feiradolivro2021/conteudos/producao-audiovisual-1984/embed/#?secret=vH4BDOJWfi" width="600" height="338" title="&#8220;Produção  Audiovisual   &#8211;  1984   &#8211;  2ºano EM&#8221; &#8212; Feira do Livro" data-secret="vH4BDOJWfi" frameborder="0" marginwidth="0" marginheight="0" scrolling="no" class="wp-embedded-content"></iframe><script type="text/javascript">
/* <![CDATA[ */
/*! This file is auto-generated */
!function(d,l){"use strict";l.querySelector&&d.addEventListener&&"undefined"!=typeof URL&&(d.wp=d.wp||{},d.wp.receiveEmbedMessage||(d.wp.receiveEmbedMessage=function(e){var t=e.data;if((t||t.secret||t.message||t.value)&&!/[^a-zA-Z0-9]/.test(t.secret)){for(var s,r,n,a=l.querySelectorAll('iframe[data-secret="'+t.secret+'"]'),o=l.querySelectorAll('blockquote[data-secret="'+t.secret+'"]'),c=new RegExp("^https?:$","i"),i=0;i<o.length;i++)o[i].style.display="none";for(i=0;i<a.length;i++)s=a[i],e.source===s.contentWindow&&(s.removeAttribute("style"),"height"===t.message?(1e3<(r=parseInt(t.value,10))?r=1e3:~~r<200&&(r=200),s.height=r):"link"===t.message&&(r=new URL(s.getAttribute("src")),n=new URL(t.value),c.test(n.protocol))&&n.host===r.host&&l.activeElement===s&&(d.top.location.href=t.value))}},d.addEventListener("message",d.wp.receiveEmbedMessage,!1),l.addEventListener("DOMContentLoaded",function(){for(var e,t,s=l.querySelectorAll("iframe.wp-embedded-content"),r=0;r<s.length;r++)(t=(e=s[r]).getAttribute("data-secret"))||(t=Math.random().toString(36).substring(2,12),e.src+="#?secret="+t,e.setAttribute("data-secret",t)),e.contentWindow.postMessage({message:"ready",secret:t},"*")},!1)))}(window,document);
/* ]]> */
</script>

Obra adotada: 1984, de George Orwell – Adaptado e ilustrado por Fido Nesti Trabalho interdisciplinar, desenvolvido pelas disciplinas de Produção de Textos (Turmas da professora Mérope Bernacchi), Filosofia (Professor Giovane Rodrigues Silva) e História (Professor Roberson Campos de Oliveira) Sobre a obra: Única adaptação em quadrinhos, até o momento, da obra magistral e de maior [&hellip;]
