{"version":"1.0","provider_name":"Feira do Livro","provider_url":"https:\/\/www.cmc.com.br\/feiradolivro2021","author_name":"Tatiana","author_url":"https:\/\/www.cmc.com.br\/feiradolivro2021\/author\/tatiana\/","title":"Tenho monstros na barriga  -  2\u00baano EF - Feira do Livro","type":"rich","width":600,"height":338,"html":"<blockquote class=\"wp-embedded-content\" data-secret=\"JZKJeBiahQ\"><a href=\"https:\/\/www.cmc.com.br\/feiradolivro2021\/conteudos\/tenho-monstros-na-barriga-2o-ano-ef\/\">Tenho monstros na barriga   &#8211;   2\u00baano EF<\/a><\/blockquote><iframe sandbox=\"allow-scripts\" security=\"restricted\" src=\"https:\/\/www.cmc.com.br\/feiradolivro2021\/conteudos\/tenho-monstros-na-barriga-2o-ano-ef\/embed\/#?secret=JZKJeBiahQ\" width=\"600\" height=\"338\" title=\"&#8220;Tenho monstros na barriga   &#8211;   2\u00baano EF&#8221; &#8212; Feira do Livro\" data-secret=\"JZKJeBiahQ\" frameborder=\"0\" marginwidth=\"0\" marginheight=\"0\" scrolling=\"no\" class=\"wp-embedded-content\"><\/iframe><script type=\"text\/javascript\">\n\/* <![CDATA[ *\/\n\/*! This file is auto-generated *\/\n!function(d,l){\"use strict\";l.querySelector&&d.addEventListener&&\"undefined\"!=typeof URL&&(d.wp=d.wp||{},d.wp.receiveEmbedMessage||(d.wp.receiveEmbedMessage=function(e){var t=e.data;if((t||t.secret||t.message||t.value)&&!\/[^a-zA-Z0-9]\/.test(t.secret)){for(var s,r,n,a=l.querySelectorAll('iframe[data-secret=\"'+t.secret+'\"]'),o=l.querySelectorAll('blockquote[data-secret=\"'+t.secret+'\"]'),c=new RegExp(\"^https?:$\",\"i\"),i=0;i<o.length;i++)o[i].style.display=\"none\";for(i=0;i<a.length;i++)s=a[i],e.source===s.contentWindow&&(s.removeAttribute(\"style\"),\"height\"===t.message?(1e3<(r=parseInt(t.value,10))?r=1e3:~~r<200&&(r=200),s.height=r):\"link\"===t.message&&(r=new URL(s.getAttribute(\"src\")),n=new URL(t.value),c.test(n.protocol))&&n.host===r.host&&l.activeElement===s&&(d.top.location.href=t.value))}},d.addEventListener(\"message\",d.wp.receiveEmbedMessage,!1),l.addEventListener(\"DOMContentLoaded\",function(){for(var e,t,s=l.querySelectorAll(\"iframe.wp-embedded-content\"),r=0;r<s.length;r++)(t=(e=s[r]).getAttribute(\"data-secret\"))||(t=Math.random().toString(36).substring(2,12),e.src+=\"#?secret=\"+t,e.setAttribute(\"data-secret\",t)),e.contentWindow.postMessage({message:\"ready\",secret:t},\"*\")},!1)))}(window,document);\n\/* ]]> *\/\n<\/script>\n","description":"Que monstrinhos tem na sua barriga?\u00a0 Por: Alunos e equipe pedag\u00f3gica do 2\u00ba ano | 26 de maio de 2021. Desde o in\u00edcio da pandemia do novo\u00a0coronav\u00edrus, todos temos vivenciado diferentes sentimentos em rela\u00e7\u00e3o \u00e0s mudan\u00e7as que se fizeram necess\u00e1rias em nossa vida cotidiana. Quem de n\u00f3s n\u00e3o se sentiu triste ou com medo diante [&hellip;]","thumbnail_url":"https:\/\/www.cmc.com.br\/feiradolivro2021\/wp-content\/uploads\/2021\/05\/Capa-do-livro-Tenho-Monstros-na-Barriga-210x300.jpg"}

Tenho monstros na barriga  -  2ºano EF - Feira do Livro

<blockquote class="wp-embedded-content" data-secret="JZKJeBiahQ"><a href="https://www.cmc.com.br/feiradolivro2021/conteudos/tenho-monstros-na-barriga-2o-ano-ef/">Tenho monstros na barriga   &#8211;   2ºano EF</a></blockquote><iframe sandbox="allow-scripts" security="restricted" src="https://www.cmc.com.br/feiradolivro2021/conteudos/tenho-monstros-na-barriga-2o-ano-ef/embed/#?secret=JZKJeBiahQ" width="600" height="338" title="&#8220;Tenho monstros na barriga   &#8211;   2ºano EF&#8221; &#8212; Feira do Livro" data-secret="JZKJeBiahQ" frameborder="0" marginwidth="0" marginheight="0" scrolling="no" class="wp-embedded-content"></iframe><script type="text/javascript">
/* <![CDATA[ */
/*! This file is auto-generated */
!function(d,l){"use strict";l.querySelector&&d.addEventListener&&"undefined"!=typeof URL&&(d.wp=d.wp||{},d.wp.receiveEmbedMessage||(d.wp.receiveEmbedMessage=function(e){var t=e.data;if((t||t.secret||t.message||t.value)&&!/[^a-zA-Z0-9]/.test(t.secret)){for(var s,r,n,a=l.querySelectorAll('iframe[data-secret="'+t.secret+'"]'),o=l.querySelectorAll('blockquote[data-secret="'+t.secret+'"]'),c=new RegExp("^https?:$","i"),i=0;i<o.length;i++)o[i].style.display="none";for(i=0;i<a.length;i++)s=a[i],e.source===s.contentWindow&&(s.removeAttribute("style"),"height"===t.message?(1e3<(r=parseInt(t.value,10))?r=1e3:~~r<200&&(r=200),s.height=r):"link"===t.message&&(r=new URL(s.getAttribute("src")),n=new URL(t.value),c.test(n.protocol))&&n.host===r.host&&l.activeElement===s&&(d.top.location.href=t.value))}},d.addEventListener("message",d.wp.receiveEmbedMessage,!1),l.addEventListener("DOMContentLoaded",function(){for(var e,t,s=l.querySelectorAll("iframe.wp-embedded-content"),r=0;r<s.length;r++)(t=(e=s[r]).getAttribute("data-secret"))||(t=Math.random().toString(36).substring(2,12),e.src+="#?secret="+t,e.setAttribute("data-secret",t)),e.contentWindow.postMessage({message:"ready",secret:t},"*")},!1)))}(window,document);
/* ]]> */
</script>

Que monstrinhos tem na sua barriga?  Por: Alunos e equipe pedagógica do 2º ano | 26 de maio de 2021. Desde o início da pandemia do novo coronavírus, todos temos vivenciado diferentes sentimentos em relação às mudanças que se fizeram necessárias em nossa vida cotidiana. Quem de nós não se sentiu triste ou com medo diante [&hellip;]
