{"version":"1.0","provider_name":"Feira do Livro","provider_url":"https:\/\/www.cmc.com.br\/feiradolivro2022","author_name":"Tatiana","author_url":"https:\/\/www.cmc.com.br\/feiradolivro2022\/author\/tatiana\/","title":"J\u00falio Medaglia - director de orquesta invitado - Feira do Livro","type":"rich","width":600,"height":338,"html":"<blockquote class=\"wp-embedded-content\" data-secret=\"HdPNnfeCVE\"><a href=\"https:\/\/www.cmc.com.br\/feiradolivro2022\/conteudos\/julio-medaglia-director-de-orquesta-invitado\/\">J\u00falio Medaglia &#8211; director de orquesta invitado<\/a><\/blockquote><iframe sandbox=\"allow-scripts\" security=\"restricted\" src=\"https:\/\/www.cmc.com.br\/feiradolivro2022\/conteudos\/julio-medaglia-director-de-orquesta-invitado\/embed\/#?secret=HdPNnfeCVE\" width=\"600\" height=\"338\" title=\"&#8220;J\u00falio Medaglia &#8211; director de orquesta invitado&#8221; &#8212; Feira do Livro\" data-secret=\"HdPNnfeCVE\" frameborder=\"0\" marginwidth=\"0\" marginheight=\"0\" scrolling=\"no\" class=\"wp-embedded-content\"><\/iframe><script type=\"text\/javascript\">\n\/* <![CDATA[ *\/\n\/*! This file is auto-generated *\/\n!function(d,l){\"use strict\";l.querySelector&&d.addEventListener&&\"undefined\"!=typeof URL&&(d.wp=d.wp||{},d.wp.receiveEmbedMessage||(d.wp.receiveEmbedMessage=function(e){var t=e.data;if((t||t.secret||t.message||t.value)&&!\/[^a-zA-Z0-9]\/.test(t.secret)){for(var s,r,n,a=l.querySelectorAll('iframe[data-secret=\"'+t.secret+'\"]'),o=l.querySelectorAll('blockquote[data-secret=\"'+t.secret+'\"]'),c=new RegExp(\"^https?:$\",\"i\"),i=0;i<o.length;i++)o[i].style.display=\"none\";for(i=0;i<a.length;i++)s=a[i],e.source===s.contentWindow&&(s.removeAttribute(\"style\"),\"height\"===t.message?(1e3<(r=parseInt(t.value,10))?r=1e3:~~r<200&&(r=200),s.height=r):\"link\"===t.message&&(r=new URL(s.getAttribute(\"src\")),n=new URL(t.value),c.test(n.protocol))&&n.host===r.host&&l.activeElement===s&&(d.top.location.href=t.value))}},d.addEventListener(\"message\",d.wp.receiveEmbedMessage,!1),l.addEventListener(\"DOMContentLoaded\",function(){for(var e,t,s=l.querySelectorAll(\"iframe.wp-embedded-content\"),r=0;r<s.length;r++)(t=(e=s[r]).getAttribute(\"data-secret\"))||(t=Math.random().toString(36).substring(2,12),e.src+=\"#?secret=\"+t,e.setAttribute(\"data-secret\",t)),e.contentWindow.postMessage({message:\"ready\",secret:t},\"*\")},!1)))}(window,document);\n\/* ]]> *\/\n<\/script>\n","description":"Paulistano de Lapa, el maestro J\u00falio Medaglia tuvo su primer contacto con la m\u00fasica a trav\u00e9s de un viol\u00edn y , todav\u00eda joven, inici\u00f3 sus estudios en la Escuela Livre de M\u00fasica. Estudi\u00f3 direcci\u00f3n de orquesta en la Universidad de Freiburg-Alemania, periodo en el que pase\u00f3 por la Selva Negra con sus colegas Martin Heidegger [&hellip;]","thumbnail_url":"https:\/\/www.cmc.com.br\/feiradolivro2022\/wp-content\/uploads\/2022\/05\/JULIO-MEDAGLIA-300x300.jpg"}

Júlio Medaglia - director de orquesta invitado - Feira do Livro

<blockquote class="wp-embedded-content" data-secret="HdPNnfeCVE"><a href="https://www.cmc.com.br/feiradolivro2022/conteudos/julio-medaglia-director-de-orquesta-invitado/">Júlio Medaglia &#8211; director de orquesta invitado</a></blockquote><iframe sandbox="allow-scripts" security="restricted" src="https://www.cmc.com.br/feiradolivro2022/conteudos/julio-medaglia-director-de-orquesta-invitado/embed/#?secret=HdPNnfeCVE" width="600" height="338" title="&#8220;Júlio Medaglia &#8211; director de orquesta invitado&#8221; &#8212; Feira do Livro" data-secret="HdPNnfeCVE" frameborder="0" marginwidth="0" marginheight="0" scrolling="no" class="wp-embedded-content"></iframe><script type="text/javascript">
/* <![CDATA[ */
/*! This file is auto-generated */
!function(d,l){"use strict";l.querySelector&&d.addEventListener&&"undefined"!=typeof URL&&(d.wp=d.wp||{},d.wp.receiveEmbedMessage||(d.wp.receiveEmbedMessage=function(e){var t=e.data;if((t||t.secret||t.message||t.value)&&!/[^a-zA-Z0-9]/.test(t.secret)){for(var s,r,n,a=l.querySelectorAll('iframe[data-secret="'+t.secret+'"]'),o=l.querySelectorAll('blockquote[data-secret="'+t.secret+'"]'),c=new RegExp("^https?:$","i"),i=0;i<o.length;i++)o[i].style.display="none";for(i=0;i<a.length;i++)s=a[i],e.source===s.contentWindow&&(s.removeAttribute("style"),"height"===t.message?(1e3<(r=parseInt(t.value,10))?r=1e3:~~r<200&&(r=200),s.height=r):"link"===t.message&&(r=new URL(s.getAttribute("src")),n=new URL(t.value),c.test(n.protocol))&&n.host===r.host&&l.activeElement===s&&(d.top.location.href=t.value))}},d.addEventListener("message",d.wp.receiveEmbedMessage,!1),l.addEventListener("DOMContentLoaded",function(){for(var e,t,s=l.querySelectorAll("iframe.wp-embedded-content"),r=0;r<s.length;r++)(t=(e=s[r]).getAttribute("data-secret"))||(t=Math.random().toString(36).substring(2,12),e.src+="#?secret="+t,e.setAttribute("data-secret",t)),e.contentWindow.postMessage({message:"ready",secret:t},"*")},!1)))}(window,document);
/* ]]> */
</script>

Paulistano de Lapa, el maestro Júlio Medaglia tuvo su primer contacto con la música a través de un violín y , todavía joven, inició sus estudios en la Escuela Livre de Música. Estudió dirección de orquesta en la Universidad de Freiburg-Alemania, periodo en el que paseó por la Selva Negra con sus colegas Martin Heidegger [&hellip;]
