{"version":"1.0","provider_name":"Feira do Livro","provider_url":"https:\/\/www.cmc.com.br\/feiradolivro2022","author_name":"Tatiana","author_url":"https:\/\/www.cmc.com.br\/feiradolivro2022\/author\/tatiana\/","title":"La literatura de Mozambique\u00a0 - 1\u00ba EM - Feira do Livro","type":"rich","width":600,"height":338,"html":"<blockquote class=\"wp-embedded-content\" data-secret=\"jNDBB4k0gp\"><a href=\"https:\/\/www.cmc.com.br\/feiradolivro2022\/conteudos\/la-literatura-de-mozambique-1o-em\/\">La literatura de Mozambique\u00a0 &#8211; 1\u00ba EM<\/a><\/blockquote><iframe sandbox=\"allow-scripts\" security=\"restricted\" src=\"https:\/\/www.cmc.com.br\/feiradolivro2022\/conteudos\/la-literatura-de-mozambique-1o-em\/embed\/#?secret=jNDBB4k0gp\" width=\"600\" height=\"338\" title=\"&#8220;La literatura de Mozambique\u00a0 &#8211; 1\u00ba EM&#8221; &#8212; Feira do Livro\" data-secret=\"jNDBB4k0gp\" frameborder=\"0\" marginwidth=\"0\" marginheight=\"0\" scrolling=\"no\" class=\"wp-embedded-content\"><\/iframe><script type=\"text\/javascript\">\n\/* <![CDATA[ *\/\n\/*! This file is auto-generated *\/\n!function(d,l){\"use strict\";l.querySelector&&d.addEventListener&&\"undefined\"!=typeof URL&&(d.wp=d.wp||{},d.wp.receiveEmbedMessage||(d.wp.receiveEmbedMessage=function(e){var t=e.data;if((t||t.secret||t.message||t.value)&&!\/[^a-zA-Z0-9]\/.test(t.secret)){for(var s,r,n,a=l.querySelectorAll('iframe[data-secret=\"'+t.secret+'\"]'),o=l.querySelectorAll('blockquote[data-secret=\"'+t.secret+'\"]'),c=new RegExp(\"^https?:$\",\"i\"),i=0;i<o.length;i++)o[i].style.display=\"none\";for(i=0;i<a.length;i++)s=a[i],e.source===s.contentWindow&&(s.removeAttribute(\"style\"),\"height\"===t.message?(1e3<(r=parseInt(t.value,10))?r=1e3:~~r<200&&(r=200),s.height=r):\"link\"===t.message&&(r=new URL(s.getAttribute(\"src\")),n=new URL(t.value),c.test(n.protocol))&&n.host===r.host&&l.activeElement===s&&(d.top.location.href=t.value))}},d.addEventListener(\"message\",d.wp.receiveEmbedMessage,!1),l.addEventListener(\"DOMContentLoaded\",function(){for(var e,t,s=l.querySelectorAll(\"iframe.wp-embedded-content\"),r=0;r<s.length;r++)(t=(e=s[r]).getAttribute(\"data-secret\"))||(t=Math.random().toString(36).substring(2,12),e.src+=\"#?secret=\"+t,e.setAttribute(\"data-secret\",t)),e.contentWindow.postMessage({message:\"ready\",secret:t},\"*\")},!1)))}(window,document);\n\/* ]]> *\/\n<\/script>\n","description":"Terra Son\u00e2mbula\u00a0y\u00a0N\u00f3s matamos o c\u00e3o tinhoso Por: Professor Fabio Brazolin El trabajo del 1er a\u00f1o de la Ense\u00f1anza Media, desarrollado en las clases de Literatura en el primer semestre con el profesor F\u00e1bio B., es el resultado de innumerables reflexiones sobre la literatura mozambique\u00f1a y su papel en la formaci\u00f3n del Mozambique moderno.\u00a0 Basado en [&hellip;]"}

La literatura de Mozambique  - 1º EM - Feira do Livro

<blockquote class="wp-embedded-content" data-secret="jNDBB4k0gp"><a href="https://www.cmc.com.br/feiradolivro2022/conteudos/la-literatura-de-mozambique-1o-em/">La literatura de Mozambique  &#8211; 1º EM</a></blockquote><iframe sandbox="allow-scripts" security="restricted" src="https://www.cmc.com.br/feiradolivro2022/conteudos/la-literatura-de-mozambique-1o-em/embed/#?secret=jNDBB4k0gp" width="600" height="338" title="&#8220;La literatura de Mozambique  &#8211; 1º EM&#8221; &#8212; Feira do Livro" data-secret="jNDBB4k0gp" frameborder="0" marginwidth="0" marginheight="0" scrolling="no" class="wp-embedded-content"></iframe><script type="text/javascript">
/* <![CDATA[ */
/*! This file is auto-generated */
!function(d,l){"use strict";l.querySelector&&d.addEventListener&&"undefined"!=typeof URL&&(d.wp=d.wp||{},d.wp.receiveEmbedMessage||(d.wp.receiveEmbedMessage=function(e){var t=e.data;if((t||t.secret||t.message||t.value)&&!/[^a-zA-Z0-9]/.test(t.secret)){for(var s,r,n,a=l.querySelectorAll('iframe[data-secret="'+t.secret+'"]'),o=l.querySelectorAll('blockquote[data-secret="'+t.secret+'"]'),c=new RegExp("^https?:$","i"),i=0;i<o.length;i++)o[i].style.display="none";for(i=0;i<a.length;i++)s=a[i],e.source===s.contentWindow&&(s.removeAttribute("style"),"height"===t.message?(1e3<(r=parseInt(t.value,10))?r=1e3:~~r<200&&(r=200),s.height=r):"link"===t.message&&(r=new URL(s.getAttribute("src")),n=new URL(t.value),c.test(n.protocol))&&n.host===r.host&&l.activeElement===s&&(d.top.location.href=t.value))}},d.addEventListener("message",d.wp.receiveEmbedMessage,!1),l.addEventListener("DOMContentLoaded",function(){for(var e,t,s=l.querySelectorAll("iframe.wp-embedded-content"),r=0;r<s.length;r++)(t=(e=s[r]).getAttribute("data-secret"))||(t=Math.random().toString(36).substring(2,12),e.src+="#?secret="+t,e.setAttribute("data-secret",t)),e.contentWindow.postMessage({message:"ready",secret:t},"*")},!1)))}(window,document);
/* ]]> */
</script>

Terra Sonâmbula y Nós matamos o cão tinhoso Por: Professor Fabio Brazolin El trabajo del 1er año de la Enseñanza Media, desarrollado en las clases de Literatura en el primer semestre con el profesor Fábio B., es el resultado de innumerables reflexiones sobre la literatura mozambiqueña y su papel en la formación del Mozambique moderno.  Basado en [&hellip;]
