{"version":"1.0","provider_name":"Feira do Livro","provider_url":"https:\/\/www.cmc.com.br\/feiradolivro2022","author_name":"Tatiana","author_url":"https:\/\/www.cmc.com.br\/feiradolivro2022\/author\/tatiana\/","title":"Larissa Lisboa - Feira do Livro","type":"rich","width":600,"height":338,"html":"<blockquote class=\"wp-embedded-content\" data-secret=\"3y22XVEgfo\"><a href=\"https:\/\/www.cmc.com.br\/feiradolivro2022\/conteudos\/larissa-lisboa\/\">Larissa Lisboa<\/a><\/blockquote><iframe sandbox=\"allow-scripts\" security=\"restricted\" src=\"https:\/\/www.cmc.com.br\/feiradolivro2022\/conteudos\/larissa-lisboa\/embed\/#?secret=3y22XVEgfo\" width=\"600\" height=\"338\" title=\"&#8220;Larissa Lisboa&#8221; &#8212; Feira do Livro\" data-secret=\"3y22XVEgfo\" frameborder=\"0\" marginwidth=\"0\" marginheight=\"0\" scrolling=\"no\" class=\"wp-embedded-content\"><\/iframe><script type=\"text\/javascript\">\n\/* <![CDATA[ *\/\n\/*! This file is auto-generated *\/\n!function(d,l){\"use strict\";l.querySelector&&d.addEventListener&&\"undefined\"!=typeof URL&&(d.wp=d.wp||{},d.wp.receiveEmbedMessage||(d.wp.receiveEmbedMessage=function(e){var t=e.data;if((t||t.secret||t.message||t.value)&&!\/[^a-zA-Z0-9]\/.test(t.secret)){for(var s,r,n,a=l.querySelectorAll('iframe[data-secret=\"'+t.secret+'\"]'),o=l.querySelectorAll('blockquote[data-secret=\"'+t.secret+'\"]'),c=new RegExp(\"^https?:$\",\"i\"),i=0;i<o.length;i++)o[i].style.display=\"none\";for(i=0;i<a.length;i++)s=a[i],e.source===s.contentWindow&&(s.removeAttribute(\"style\"),\"height\"===t.message?(1e3<(r=parseInt(t.value,10))?r=1e3:~~r<200&&(r=200),s.height=r):\"link\"===t.message&&(r=new URL(s.getAttribute(\"src\")),n=new URL(t.value),c.test(n.protocol))&&n.host===r.host&&l.activeElement===s&&(d.top.location.href=t.value))}},d.addEventListener(\"message\",d.wp.receiveEmbedMessage,!1),l.addEventListener(\"DOMContentLoaded\",function(){for(var e,t,s=l.querySelectorAll(\"iframe.wp-embedded-content\"),r=0;r<s.length;r++)(t=(e=s[r]).getAttribute(\"data-secret\"))||(t=Math.random().toString(36).substring(2,12),e.src+=\"#?secret=\"+t,e.setAttribute(\"data-secret\",t)),e.contentWindow.postMessage({message:\"ready\",secret:t},\"*\")},!1)))}(window,document);\n\/* ]]> *\/\n<\/script>\n","description":"Doctora en Estudios Comparados de Literatura en Lengua Portuguesa por la Universidad de S\u00e3o Paulo (USP), M\u00e1ster en Estudios Literarios por la Universidad de S\u00e3o Carlos (UFSCar), Especialista en Educaci\u00f3n para las Relaciones \u00c9tnico-Raciales por la Universidad Federal de S\u00e3o Carlos (UFSCar), licenciada en Letras por la Universidad Estatal de Campinas (UNICAMP). Forma parte de [&hellip;]","thumbnail_url":"https:\/\/www.cmc.com.br\/feiradolivro2022\/wp-content\/uploads\/2022\/05\/LARISSA-LISBOA-300x300.jpg"}

Doctora en Estudios Comparados de Literatura en Lengua Portuguesa por la Universidad de São Paulo (USP), Máster en Estudios Literarios por la Universidad de São Carlos (UFSCar), Especialista en Educación para las Relaciones Étnico-Raciales por la Universidad Federal de São Carlos (UFSCar), licenciada en Letras por la Universidad Estatal de Campinas (UNICAMP). Forma parte de [&hellip;]
