{"version":"1.0","provider_name":"Feira do Livro","provider_url":"https:\/\/www.cmc.com.br\/feiradolivro2022","author_name":"Tatiana","author_url":"https:\/\/www.cmc.com.br\/feiradolivro2022\/author\/tatiana\/","title":"Lilia Moritz Schwarcz - Feira do Livro","type":"rich","width":600,"height":338,"html":"<blockquote class=\"wp-embedded-content\" data-secret=\"nZ3xd8aNtf\"><a href=\"https:\/\/www.cmc.com.br\/feiradolivro2022\/conteudos\/lilia-moritz-schwarcz\/\">Lilia Moritz Schwarcz<\/a><\/blockquote><iframe sandbox=\"allow-scripts\" security=\"restricted\" src=\"https:\/\/www.cmc.com.br\/feiradolivro2022\/conteudos\/lilia-moritz-schwarcz\/embed\/#?secret=nZ3xd8aNtf\" width=\"600\" height=\"338\" title=\"&#8220;Lilia Moritz Schwarcz&#8221; &#8212; Feira do Livro\" data-secret=\"nZ3xd8aNtf\" frameborder=\"0\" marginwidth=\"0\" marginheight=\"0\" scrolling=\"no\" class=\"wp-embedded-content\"><\/iframe><script type=\"text\/javascript\">\n\/* <![CDATA[ *\/\n\/*! This file is auto-generated *\/\n!function(d,l){\"use strict\";l.querySelector&&d.addEventListener&&\"undefined\"!=typeof URL&&(d.wp=d.wp||{},d.wp.receiveEmbedMessage||(d.wp.receiveEmbedMessage=function(e){var t=e.data;if((t||t.secret||t.message||t.value)&&!\/[^a-zA-Z0-9]\/.test(t.secret)){for(var s,r,n,a=l.querySelectorAll('iframe[data-secret=\"'+t.secret+'\"]'),o=l.querySelectorAll('blockquote[data-secret=\"'+t.secret+'\"]'),c=new RegExp(\"^https?:$\",\"i\"),i=0;i<o.length;i++)o[i].style.display=\"none\";for(i=0;i<a.length;i++)s=a[i],e.source===s.contentWindow&&(s.removeAttribute(\"style\"),\"height\"===t.message?(1e3<(r=parseInt(t.value,10))?r=1e3:~~r<200&&(r=200),s.height=r):\"link\"===t.message&&(r=new URL(s.getAttribute(\"src\")),n=new URL(t.value),c.test(n.protocol))&&n.host===r.host&&l.activeElement===s&&(d.top.location.href=t.value))}},d.addEventListener(\"message\",d.wp.receiveEmbedMessage,!1),l.addEventListener(\"DOMContentLoaded\",function(){for(var e,t,s=l.querySelectorAll(\"iframe.wp-embedded-content\"),r=0;r<s.length;r++)(t=(e=s[r]).getAttribute(\"data-secret\"))||(t=Math.random().toString(36).substring(2,12),e.src+=\"#?secret=\"+t,e.setAttribute(\"data-secret\",t)),e.contentWindow.postMessage({message:\"ready\",secret:t},\"*\")},!1)))}(window,document);\n\/* ]]> *\/\n<\/script>\n","description":"Es una de las historiadoras m\u00e1s reconocidas de Brasil. Profesora titular del Departamento de Antropolog\u00eda de la Universidad de S\u00e3o Paulo y escritora. Tambi\u00e9n es la fundadora de la editorial Companhia das Letras junto con Luiz Schwarcz. Lilia Schwarcz dice que el pa\u00eds est\u00e1 experimentando actualmente una recreaci\u00f3n del racismo estructural. En 2018, la investigadora [&hellip;]","thumbnail_url":"https:\/\/www.cmc.com.br\/feiradolivro2022\/wp-content\/uploads\/2022\/05\/LILIA-SCHWACZ-300x300.jpg"}

Es una de las historiadoras más reconocidas de Brasil. Profesora titular del Departamento de Antropología de la Universidad de São Paulo y escritora. También es la fundadora de la editorial Companhia das Letras junto con Luiz Schwarcz. Lilia Schwarcz dice que el país está experimentando actualmente una recreación del racismo estructural. En 2018, la investigadora [&hellip;]
