{"version":"1.0","provider_name":"Feira do Livro","provider_url":"https:\/\/www.cmc.com.br\/feiradolivro2022","author_name":"Tatiana","author_url":"https:\/\/www.cmc.com.br\/feiradolivro2022\/author\/tatiana\/","title":"No tempo do ver\u00e3o - INF 5 - Feira do Livro","type":"rich","width":600,"height":338,"html":"<blockquote class=\"wp-embedded-content\" data-secret=\"C16hzr3MPe\"><a href=\"https:\/\/www.cmc.com.br\/feiradolivro2022\/conteudos\/no-tempo-do-verao-inf-5\/\">No tempo do ver\u00e3o &#8211; INF 5<\/a><\/blockquote><iframe sandbox=\"allow-scripts\" security=\"restricted\" src=\"https:\/\/www.cmc.com.br\/feiradolivro2022\/conteudos\/no-tempo-do-verao-inf-5\/embed\/#?secret=C16hzr3MPe\" width=\"600\" height=\"338\" title=\"&#8220;No tempo do ver\u00e3o &#8211; INF 5&#8221; &#8212; Feira do Livro\" data-secret=\"C16hzr3MPe\" frameborder=\"0\" marginwidth=\"0\" marginheight=\"0\" scrolling=\"no\" class=\"wp-embedded-content\"><\/iframe><script type=\"text\/javascript\">\n\/* <![CDATA[ *\/\n\/*! This file is auto-generated *\/\n!function(d,l){\"use strict\";l.querySelector&&d.addEventListener&&\"undefined\"!=typeof URL&&(d.wp=d.wp||{},d.wp.receiveEmbedMessage||(d.wp.receiveEmbedMessage=function(e){var t=e.data;if((t||t.secret||t.message||t.value)&&!\/[^a-zA-Z0-9]\/.test(t.secret)){for(var s,r,n,a=l.querySelectorAll('iframe[data-secret=\"'+t.secret+'\"]'),o=l.querySelectorAll('blockquote[data-secret=\"'+t.secret+'\"]'),c=new RegExp(\"^https?:$\",\"i\"),i=0;i<o.length;i++)o[i].style.display=\"none\";for(i=0;i<a.length;i++)s=a[i],e.source===s.contentWindow&&(s.removeAttribute(\"style\"),\"height\"===t.message?(1e3<(r=parseInt(t.value,10))?r=1e3:~~r<200&&(r=200),s.height=r):\"link\"===t.message&&(r=new URL(s.getAttribute(\"src\")),n=new URL(t.value),c.test(n.protocol))&&n.host===r.host&&l.activeElement===s&&(d.top.location.href=t.value))}},d.addEventListener(\"message\",d.wp.receiveEmbedMessage,!1),l.addEventListener(\"DOMContentLoaded\",function(){for(var e,t,s=l.querySelectorAll(\"iframe.wp-embedded-content\"),r=0;r<s.length;r++)(t=(e=s[r]).getAttribute(\"data-secret\"))||(t=Math.random().toString(36).substring(2,12),e.src+=\"#?secret=\"+t,e.setAttribute(\"data-secret\",t)),e.contentWindow.postMessage({message:\"ready\",secret:t},\"*\")},!1)))}(window,document);\n\/* ]]> *\/\n<\/script>\n","description":"No tempo do Ver\u00e3o una adaptaci\u00f3n de Rita Carelli, ilustrada por Mariana Zanetti Profesoras: M\u00e1rcia Magali Almeida, Maria Eulina Sturm, Nancy S. R. Marques, Talita Cuellar Pacovski, Thais Moraese Viviane Panegassi. La cultura brasile\u00f1a est\u00e1 genuinamente compuesta por elementos e influencias de los pueblos ind\u00edgenas. La importancia de presentar este tema a los ni\u00f1os en [&hellip;]","thumbnail_url":"https:\/\/www.cmc.com.br\/feiradolivro2022\/wp-content\/uploads\/2022\/05\/Leitura-do-livro-5C-copiar-300x200.jpg"}

No tempo do verão - INF 5 - Feira do Livro

<blockquote class="wp-embedded-content" data-secret="C16hzr3MPe"><a href="https://www.cmc.com.br/feiradolivro2022/conteudos/no-tempo-do-verao-inf-5/">No tempo do verão &#8211; INF 5</a></blockquote><iframe sandbox="allow-scripts" security="restricted" src="https://www.cmc.com.br/feiradolivro2022/conteudos/no-tempo-do-verao-inf-5/embed/#?secret=C16hzr3MPe" width="600" height="338" title="&#8220;No tempo do verão &#8211; INF 5&#8221; &#8212; Feira do Livro" data-secret="C16hzr3MPe" frameborder="0" marginwidth="0" marginheight="0" scrolling="no" class="wp-embedded-content"></iframe><script type="text/javascript">
/* <![CDATA[ */
/*! This file is auto-generated */
!function(d,l){"use strict";l.querySelector&&d.addEventListener&&"undefined"!=typeof URL&&(d.wp=d.wp||{},d.wp.receiveEmbedMessage||(d.wp.receiveEmbedMessage=function(e){var t=e.data;if((t||t.secret||t.message||t.value)&&!/[^a-zA-Z0-9]/.test(t.secret)){for(var s,r,n,a=l.querySelectorAll('iframe[data-secret="'+t.secret+'"]'),o=l.querySelectorAll('blockquote[data-secret="'+t.secret+'"]'),c=new RegExp("^https?:$","i"),i=0;i<o.length;i++)o[i].style.display="none";for(i=0;i<a.length;i++)s=a[i],e.source===s.contentWindow&&(s.removeAttribute("style"),"height"===t.message?(1e3<(r=parseInt(t.value,10))?r=1e3:~~r<200&&(r=200),s.height=r):"link"===t.message&&(r=new URL(s.getAttribute("src")),n=new URL(t.value),c.test(n.protocol))&&n.host===r.host&&l.activeElement===s&&(d.top.location.href=t.value))}},d.addEventListener("message",d.wp.receiveEmbedMessage,!1),l.addEventListener("DOMContentLoaded",function(){for(var e,t,s=l.querySelectorAll("iframe.wp-embedded-content"),r=0;r<s.length;r++)(t=(e=s[r]).getAttribute("data-secret"))||(t=Math.random().toString(36).substring(2,12),e.src+="#?secret="+t,e.setAttribute("data-secret",t)),e.contentWindow.postMessage({message:"ready",secret:t},"*")},!1)))}(window,document);
/* ]]> */
</script>

No tempo do Verão una adaptación de Rita Carelli, ilustrada por Mariana Zanetti Profesoras: Márcia Magali Almeida, Maria Eulina Sturm, Nancy S. R. Marques, Talita Cuellar Pacovski, Thais Moraese Viviane Panegassi. La cultura brasileña está genuinamente compuesta por elementos e influencias de los pueblos indígenas. La importancia de presentar este tema a los niños en [&hellip;]
