{"version":"1.0","provider_name":"Feira do Livro","provider_url":"https:\/\/www.cmc.com.br\/feiradolivro2022","author_name":"Tatiana","author_url":"https:\/\/www.cmc.com.br\/feiradolivro2022\/author\/tatiana\/","title":"Proyecto Multidisciplinar 4\u00ba y 5\u00ba EF - Feira do Livro","type":"rich","width":600,"height":338,"html":"<blockquote class=\"wp-embedded-content\" data-secret=\"VPNS6gTkuS\"><a href=\"https:\/\/www.cmc.com.br\/feiradolivro2022\/conteudos\/proyecto-multidisciplinar-4o-y-5o-ef\/\">Proyecto Multidisciplinar 4\u00ba y 5\u00ba EF<\/a><\/blockquote><iframe sandbox=\"allow-scripts\" security=\"restricted\" src=\"https:\/\/www.cmc.com.br\/feiradolivro2022\/conteudos\/proyecto-multidisciplinar-4o-y-5o-ef\/embed\/#?secret=VPNS6gTkuS\" width=\"600\" height=\"338\" title=\"&#8220;Proyecto Multidisciplinar 4\u00ba y 5\u00ba EF&#8221; &#8212; Feira do Livro\" data-secret=\"VPNS6gTkuS\" frameborder=\"0\" marginwidth=\"0\" marginheight=\"0\" scrolling=\"no\" class=\"wp-embedded-content\"><\/iframe><script type=\"text\/javascript\">\n\/* <![CDATA[ *\/\n\/*! This file is auto-generated *\/\n!function(d,l){\"use strict\";l.querySelector&&d.addEventListener&&\"undefined\"!=typeof URL&&(d.wp=d.wp||{},d.wp.receiveEmbedMessage||(d.wp.receiveEmbedMessage=function(e){var t=e.data;if((t||t.secret||t.message||t.value)&&!\/[^a-zA-Z0-9]\/.test(t.secret)){for(var s,r,n,a=l.querySelectorAll('iframe[data-secret=\"'+t.secret+'\"]'),o=l.querySelectorAll('blockquote[data-secret=\"'+t.secret+'\"]'),c=new RegExp(\"^https?:$\",\"i\"),i=0;i<o.length;i++)o[i].style.display=\"none\";for(i=0;i<a.length;i++)s=a[i],e.source===s.contentWindow&&(s.removeAttribute(\"style\"),\"height\"===t.message?(1e3<(r=parseInt(t.value,10))?r=1e3:~~r<200&&(r=200),s.height=r):\"link\"===t.message&&(r=new URL(s.getAttribute(\"src\")),n=new URL(t.value),c.test(n.protocol))&&n.host===r.host&&l.activeElement===s&&(d.top.location.href=t.value))}},d.addEventListener(\"message\",d.wp.receiveEmbedMessage,!1),l.addEventListener(\"DOMContentLoaded\",function(){for(var e,t,s=l.querySelectorAll(\"iframe.wp-embedded-content\"),r=0;r<s.length;r++)(t=(e=s[r]).getAttribute(\"data-secret\"))||(t=Math.random().toString(36).substring(2,12),e.src+=\"#?secret=\"+t,e.setAttribute(\"data-secret\",t)),e.contentWindow.postMessage({message:\"ready\",secret:t},\"*\")},!1)))}(window,document);\n\/* ]]> *\/\n<\/script>\n","description":"Ciencias \u2013 Educaci\u00f3n F\u00edsica e Ingl\u00e9s por la Profesora Lucinda G. da C. Cavalheiro Los Objetivos de Desarrollo Sostenible son una agenda mundial adoptada durante la C\u00fapula de las Naciones Unidas sobre el Desarrollo Sostenible en septiembre de 2015, compuesta de 17 objetivos y 169 retos a alcanzarse hasta 2030. Los estudiantes de 2\u00ba ciclo [&hellip;]","thumbnail_url":"https:\/\/www.cmc.com.br\/feiradolivro2022\/wp-content\/uploads\/2022\/06\/IMG_E3387-copiar-300x200.jpg"}

Proyecto Multidisciplinar 4º y 5º EF - Feira do Livro

<blockquote class="wp-embedded-content" data-secret="VPNS6gTkuS"><a href="https://www.cmc.com.br/feiradolivro2022/conteudos/proyecto-multidisciplinar-4o-y-5o-ef/">Proyecto Multidisciplinar 4º y 5º EF</a></blockquote><iframe sandbox="allow-scripts" security="restricted" src="https://www.cmc.com.br/feiradolivro2022/conteudos/proyecto-multidisciplinar-4o-y-5o-ef/embed/#?secret=VPNS6gTkuS" width="600" height="338" title="&#8220;Proyecto Multidisciplinar 4º y 5º EF&#8221; &#8212; Feira do Livro" data-secret="VPNS6gTkuS" frameborder="0" marginwidth="0" marginheight="0" scrolling="no" class="wp-embedded-content"></iframe><script type="text/javascript">
/* <![CDATA[ */
/*! This file is auto-generated */
!function(d,l){"use strict";l.querySelector&&d.addEventListener&&"undefined"!=typeof URL&&(d.wp=d.wp||{},d.wp.receiveEmbedMessage||(d.wp.receiveEmbedMessage=function(e){var t=e.data;if((t||t.secret||t.message||t.value)&&!/[^a-zA-Z0-9]/.test(t.secret)){for(var s,r,n,a=l.querySelectorAll('iframe[data-secret="'+t.secret+'"]'),o=l.querySelectorAll('blockquote[data-secret="'+t.secret+'"]'),c=new RegExp("^https?:$","i"),i=0;i<o.length;i++)o[i].style.display="none";for(i=0;i<a.length;i++)s=a[i],e.source===s.contentWindow&&(s.removeAttribute("style"),"height"===t.message?(1e3<(r=parseInt(t.value,10))?r=1e3:~~r<200&&(r=200),s.height=r):"link"===t.message&&(r=new URL(s.getAttribute("src")),n=new URL(t.value),c.test(n.protocol))&&n.host===r.host&&l.activeElement===s&&(d.top.location.href=t.value))}},d.addEventListener("message",d.wp.receiveEmbedMessage,!1),l.addEventListener("DOMContentLoaded",function(){for(var e,t,s=l.querySelectorAll("iframe.wp-embedded-content"),r=0;r<s.length;r++)(t=(e=s[r]).getAttribute("data-secret"))||(t=Math.random().toString(36).substring(2,12),e.src+="#?secret="+t,e.setAttribute("data-secret",t)),e.contentWindow.postMessage({message:"ready",secret:t},"*")},!1)))}(window,document);
/* ]]> */
</script>

Ciencias – Educación Física e Inglés por la Profesora Lucinda G. da C. Cavalheiro Los Objetivos de Desarrollo Sostenible son una agenda mundial adoptada durante la Cúpula de las Naciones Unidas sobre el Desarrollo Sostenible en septiembre de 2015, compuesta de 17 objetivos y 169 retos a alcanzarse hasta 2030. Los estudiantes de 2º ciclo [&hellip;]
