{"version":"1.0","provider_name":"Feira do Livro","provider_url":"https:\/\/www.cmc.com.br\/feiradolivro2023","author_name":"Matheus","author_url":"https:\/\/www.cmc.com.br\/feiradolivro2023\/author\/matheus\/","title":"Cristhiano Aguiar - Feira do Livro","type":"rich","width":600,"height":338,"html":"<blockquote class=\"wp-embedded-content\" data-secret=\"fXxRULGOEt\"><a href=\"https:\/\/www.cmc.com.br\/feiradolivro2023\/conteudos\/cristhiano-aguiar\/\">Cristhiano Aguiar<\/a><\/blockquote><iframe sandbox=\"allow-scripts\" security=\"restricted\" src=\"https:\/\/www.cmc.com.br\/feiradolivro2023\/conteudos\/cristhiano-aguiar\/embed\/#?secret=fXxRULGOEt\" width=\"600\" height=\"338\" title=\"&#8220;Cristhiano Aguiar&#8221; &#8212; Feira do Livro\" data-secret=\"fXxRULGOEt\" frameborder=\"0\" marginwidth=\"0\" marginheight=\"0\" scrolling=\"no\" class=\"wp-embedded-content\"><\/iframe><script type=\"text\/javascript\">\n\/* <![CDATA[ *\/\n\/*! This file is auto-generated *\/\n!function(d,l){\"use strict\";l.querySelector&&d.addEventListener&&\"undefined\"!=typeof URL&&(d.wp=d.wp||{},d.wp.receiveEmbedMessage||(d.wp.receiveEmbedMessage=function(e){var t=e.data;if((t||t.secret||t.message||t.value)&&!\/[^a-zA-Z0-9]\/.test(t.secret)){for(var s,r,n,a=l.querySelectorAll('iframe[data-secret=\"'+t.secret+'\"]'),o=l.querySelectorAll('blockquote[data-secret=\"'+t.secret+'\"]'),c=new RegExp(\"^https?:$\",\"i\"),i=0;i<o.length;i++)o[i].style.display=\"none\";for(i=0;i<a.length;i++)s=a[i],e.source===s.contentWindow&&(s.removeAttribute(\"style\"),\"height\"===t.message?(1e3<(r=parseInt(t.value,10))?r=1e3:~~r<200&&(r=200),s.height=r):\"link\"===t.message&&(r=new URL(s.getAttribute(\"src\")),n=new URL(t.value),c.test(n.protocol))&&n.host===r.host&&l.activeElement===s&&(d.top.location.href=t.value))}},d.addEventListener(\"message\",d.wp.receiveEmbedMessage,!1),l.addEventListener(\"DOMContentLoaded\",function(){for(var e,t,s=l.querySelectorAll(\"iframe.wp-embedded-content\"),r=0;r<s.length;r++)(t=(e=s[r]).getAttribute(\"data-secret\"))||(t=Math.random().toString(36).substring(2,12),e.src+=\"#?secret=\"+t,e.setAttribute(\"data-secret\",t)),e.contentWindow.postMessage({message:\"ready\",secret:t},\"*\")},!1)))}(window,document);\n\/* ]]> *\/\n<\/script>\n","description":"Escritor, cr\u00edtico liter\u00e1rio, professor e editor paraibano. \u00c9 formado em Letras e mestre em Teoria da Literatura pela Universidade Federal de Pernambuco (UFPE) e doutor em Letras pelo Mackenzie. \u00c9 colaborador frequente da Revista Pessoa e do Suplemento Liter\u00e1rio Pernambuco. Em 2007, foi vencedor do Concurso de Contos Osman Lins, um dos mais renomados do [&hellip;]","thumbnail_url":"https:\/\/www.cmc.com.br\/feiradolivro2023\/wp-content\/uploads\/2023\/05\/CristhianoAguiar.jpg"}

Escritor, crítico literário, professor e editor paraibano. É formado em Letras e mestre em Teoria da Literatura pela Universidade Federal de Pernambuco (UFPE) e doutor em Letras pelo Mackenzie. É colaborador frequente da Revista Pessoa e do Suplemento Literário Pernambuco. Em 2007, foi vencedor do Concurso de Contos Osman Lins, um dos mais renomados do [&hellip;]
