{"version":"1.0","provider_name":"Feira do Livro","provider_url":"https:\/\/www.cmc.com.br\/feiradolivro2023","author_name":"Tatiana","author_url":"https:\/\/www.cmc.com.br\/feiradolivro2023\/author\/tatiana\/","title":"Cuentacuentos para Infantil 4 - 1 EM - Feira do Livro","type":"rich","width":600,"height":338,"html":"<blockquote class=\"wp-embedded-content\" data-secret=\"qKU2PWuzQN\"><a href=\"https:\/\/www.cmc.com.br\/feiradolivro2023\/conteudos\/cuentacuentos-para-infantil-4-1-em\/\">Cuentacuentos para Infantil 4 &#8211; 1 EM<\/a><\/blockquote><iframe sandbox=\"allow-scripts\" security=\"restricted\" src=\"https:\/\/www.cmc.com.br\/feiradolivro2023\/conteudos\/cuentacuentos-para-infantil-4-1-em\/embed\/#?secret=qKU2PWuzQN\" width=\"600\" height=\"338\" title=\"&#8220;Cuentacuentos para Infantil 4 &#8211; 1 EM&#8221; &#8212; Feira do Livro\" data-secret=\"qKU2PWuzQN\" frameborder=\"0\" marginwidth=\"0\" marginheight=\"0\" scrolling=\"no\" class=\"wp-embedded-content\"><\/iframe><script type=\"text\/javascript\">\n\/* <![CDATA[ *\/\n\/*! This file is auto-generated *\/\n!function(d,l){\"use strict\";l.querySelector&&d.addEventListener&&\"undefined\"!=typeof URL&&(d.wp=d.wp||{},d.wp.receiveEmbedMessage||(d.wp.receiveEmbedMessage=function(e){var t=e.data;if((t||t.secret||t.message||t.value)&&!\/[^a-zA-Z0-9]\/.test(t.secret)){for(var s,r,n,a=l.querySelectorAll('iframe[data-secret=\"'+t.secret+'\"]'),o=l.querySelectorAll('blockquote[data-secret=\"'+t.secret+'\"]'),c=new RegExp(\"^https?:$\",\"i\"),i=0;i<o.length;i++)o[i].style.display=\"none\";for(i=0;i<a.length;i++)s=a[i],e.source===s.contentWindow&&(s.removeAttribute(\"style\"),\"height\"===t.message?(1e3<(r=parseInt(t.value,10))?r=1e3:~~r<200&&(r=200),s.height=r):\"link\"===t.message&&(r=new URL(s.getAttribute(\"src\")),n=new URL(t.value),c.test(n.protocol))&&n.host===r.host&&l.activeElement===s&&(d.top.location.href=t.value))}},d.addEventListener(\"message\",d.wp.receiveEmbedMessage,!1),l.addEventListener(\"DOMContentLoaded\",function(){for(var e,t,s=l.querySelectorAll(\"iframe.wp-embedded-content\"),r=0;r<s.length;r++)(t=(e=s[r]).getAttribute(\"data-secret\"))||(t=Math.random().toString(36).substring(2,12),e.src+=\"#?secret=\"+t,e.setAttribute(\"data-secret\",t)),e.contentWindow.postMessage({message:\"ready\",secret:t},\"*\")},!1)))}(window,document);\n\/* ]]> *\/\n<\/script>\n","description":"\u201cCuentacuentos de alumnos de Adaptaci\u00f3n en Lengua Espa\u00f1ola de 1\u00ba de Ense\u00f1anza Media para alumnos de Infantil 4\u201d\u00a0 Por: Andr\u00e9 da Costa Cabral.\u00a0\u00a0 Profesores: Andr\u00e9 da Costa Cabral, Margarita S\u00e1nchez S\u00e1nchez\u202f y T\u00e1bata Andugar Bessa Lima\u00a0 Objetivos de la actividad: &#8211; Brindar a los alumnos de Adaptaci\u00f3n en Lengua Espa\u00f1ola de 1\u00ba de Ense\u00f1anza Media [&hellip;]"}

“Cuentacuentos de alumnos de Adaptación en Lengua Española de 1º de Enseñanza Media para alumnos de Infantil 4”  Por: André da Costa Cabral.   Profesores: André da Costa Cabral, Margarita Sánchez Sánchez  y Tábata Andugar Bessa Lima  Objetivos de la actividad: &#8211; Brindar a los alumnos de Adaptación en Lengua Española de 1º de Enseñanza Media [&hellip;]
