{"version":"1.0","provider_name":"Feira do Livro","provider_url":"https:\/\/www.cmc.com.br\/feiradolivro2023","author_name":"Matheus","author_url":"https:\/\/www.cmc.com.br\/feiradolivro2023\/author\/matheus\/","title":"Curso Extra Quijote Solidario - Feira do Livro","type":"rich","width":600,"height":338,"html":"<blockquote class=\"wp-embedded-content\" data-secret=\"QeA4cmrJw5\"><a href=\"https:\/\/www.cmc.com.br\/feiradolivro2023\/conteudos\/curso-extra-quijote-solidario\/\">Curso Extra Quijote Solidario<\/a><\/blockquote><iframe sandbox=\"allow-scripts\" security=\"restricted\" src=\"https:\/\/www.cmc.com.br\/feiradolivro2023\/conteudos\/curso-extra-quijote-solidario\/embed\/#?secret=QeA4cmrJw5\" width=\"600\" height=\"338\" title=\"&#8220;Curso Extra Quijote Solidario&#8221; &#8212; Feira do Livro\" data-secret=\"QeA4cmrJw5\" frameborder=\"0\" marginwidth=\"0\" marginheight=\"0\" scrolling=\"no\" class=\"wp-embedded-content\"><\/iframe><script type=\"text\/javascript\">\n\/* <![CDATA[ *\/\n\/*! This file is auto-generated *\/\n!function(d,l){\"use strict\";l.querySelector&&d.addEventListener&&\"undefined\"!=typeof URL&&(d.wp=d.wp||{},d.wp.receiveEmbedMessage||(d.wp.receiveEmbedMessage=function(e){var t=e.data;if((t||t.secret||t.message||t.value)&&!\/[^a-zA-Z0-9]\/.test(t.secret)){for(var s,r,n,a=l.querySelectorAll('iframe[data-secret=\"'+t.secret+'\"]'),o=l.querySelectorAll('blockquote[data-secret=\"'+t.secret+'\"]'),c=new RegExp(\"^https?:$\",\"i\"),i=0;i<o.length;i++)o[i].style.display=\"none\";for(i=0;i<a.length;i++)s=a[i],e.source===s.contentWindow&&(s.removeAttribute(\"style\"),\"height\"===t.message?(1e3<(r=parseInt(t.value,10))?r=1e3:~~r<200&&(r=200),s.height=r):\"link\"===t.message&&(r=new URL(s.getAttribute(\"src\")),n=new URL(t.value),c.test(n.protocol))&&n.host===r.host&&l.activeElement===s&&(d.top.location.href=t.value))}},d.addEventListener(\"message\",d.wp.receiveEmbedMessage,!1),l.addEventListener(\"DOMContentLoaded\",function(){for(var e,t,s=l.querySelectorAll(\"iframe.wp-embedded-content\"),r=0;r<s.length;r++)(t=(e=s[r]).getAttribute(\"data-secret\"))||(t=Math.random().toString(36).substring(2,12),e.src+=\"#?secret=\"+t,e.setAttribute(\"data-secret\",t)),e.contentWindow.postMessage({message:\"ready\",secret:t},\"*\")},!1)))}(window,document);\n\/* ]]> *\/\n<\/script>\n","description":"Por Ana Paula Gama de Oliveira Los estudiantes del curso extra Quijote Solidario estuvieron presentes en la Feria del Libro con el tema elegido por la clase de Oncolog\u00eda Pedi\u00e1trica. Elaboraron bolsas ecol\u00f3gicas con hermosas pinturas y tambi\u00e9n diversas pulseras para vender durante la feria. El objetivo era recaudar fondos para apoyar a los ni\u00f1os [&hellip;]","thumbnail_url":"https:\/\/www.cmc.com.br\/feiradolivro2023\/wp-content\/uploads\/2023\/05\/INTERNA-14.jpg"}

Por Ana Paula Gama de Oliveira Los estudiantes del curso extra Quijote Solidario estuvieron presentes en la Feria del Libro con el tema elegido por la clase de Oncología Pediátrica. Elaboraron bolsas ecológicas con hermosas pinturas y también diversas pulseras para vender durante la feria. El objetivo era recaudar fondos para apoyar a los niños [&hellip;]
