{"version":"1.0","provider_name":"Feira do Livro","provider_url":"https:\/\/www.cmc.com.br\/feiradolivro2023","author_name":"Matheus","author_url":"https:\/\/www.cmc.com.br\/feiradolivro2023\/author\/matheus\/","title":"Encuentro con Ilan Brenman - 2\u00b0 EF - Feira do Livro","type":"rich","width":600,"height":338,"html":"<blockquote class=\"wp-embedded-content\" data-secret=\"s2ymZgFnGJ\"><a href=\"https:\/\/www.cmc.com.br\/feiradolivro2023\/conteudos\/encuentro-con-ilan-brenman-2-ef\/\">Encuentro con Ilan Brenman &#8211; 2\u00b0 EF<\/a><\/blockquote><iframe sandbox=\"allow-scripts\" security=\"restricted\" src=\"https:\/\/www.cmc.com.br\/feiradolivro2023\/conteudos\/encuentro-con-ilan-brenman-2-ef\/embed\/#?secret=s2ymZgFnGJ\" width=\"600\" height=\"338\" title=\"&#8220;Encuentro con Ilan Brenman &#8211; 2\u00b0 EF&#8221; &#8212; Feira do Livro\" data-secret=\"s2ymZgFnGJ\" frameborder=\"0\" marginwidth=\"0\" marginheight=\"0\" scrolling=\"no\" class=\"wp-embedded-content\"><\/iframe><script type=\"text\/javascript\">\n\/* <![CDATA[ *\/\n\/*! This file is auto-generated *\/\n!function(d,l){\"use strict\";l.querySelector&&d.addEventListener&&\"undefined\"!=typeof URL&&(d.wp=d.wp||{},d.wp.receiveEmbedMessage||(d.wp.receiveEmbedMessage=function(e){var t=e.data;if((t||t.secret||t.message||t.value)&&!\/[^a-zA-Z0-9]\/.test(t.secret)){for(var s,r,n,a=l.querySelectorAll('iframe[data-secret=\"'+t.secret+'\"]'),o=l.querySelectorAll('blockquote[data-secret=\"'+t.secret+'\"]'),c=new RegExp(\"^https?:$\",\"i\"),i=0;i<o.length;i++)o[i].style.display=\"none\";for(i=0;i<a.length;i++)s=a[i],e.source===s.contentWindow&&(s.removeAttribute(\"style\"),\"height\"===t.message?(1e3<(r=parseInt(t.value,10))?r=1e3:~~r<200&&(r=200),s.height=r):\"link\"===t.message&&(r=new URL(s.getAttribute(\"src\")),n=new URL(t.value),c.test(n.protocol))&&n.host===r.host&&l.activeElement===s&&(d.top.location.href=t.value))}},d.addEventListener(\"message\",d.wp.receiveEmbedMessage,!1),l.addEventListener(\"DOMContentLoaded\",function(){for(var e,t,s=l.querySelectorAll(\"iframe.wp-embedded-content\"),r=0;r<s.length;r++)(t=(e=s[r]).getAttribute(\"data-secret\"))||(t=Math.random().toString(36).substring(2,12),e.src+=\"#?secret=\"+t,e.setAttribute(\"data-secret\",t)),e.contentWindow.postMessage({message:\"ready\",secret:t},\"*\")},!1)))}(window,document);\n\/* ]]> *\/\n<\/script>\n","description":"C\u00f3mo las buenas historias fortalecen la mente infantil Ilan Brenman, uno de los autores m\u00e1s importantes de libros infantiles en Brasil, convers\u00f3 con los estudiantes de 2\u00b0 curso de Ense\u00f1anza Fundamental y sus padres en el \u00faltimo d\u00eda de la 39\u00aa Feria del Libro. De una manera muy din\u00e1mica y divertida, les cont\u00f3 a los [&hellip;]","thumbnail_url":"https:\/\/www.cmc.com.br\/feiradolivro2023\/wp-content\/uploads\/2023\/05\/INTERNA-11.jpg"}

Cómo las buenas historias fortalecen la mente infantil Ilan Brenman, uno de los autores más importantes de libros infantiles en Brasil, conversó con los estudiantes de 2° curso de Enseñanza Fundamental y sus padres en el último día de la 39ª Feria del Libro. De una manera muy dinámica y divertida, les contó a los [&hellip;]
