{"version":"1.0","provider_name":"Feira do Livro","provider_url":"https:\/\/www.cmc.com.br\/feiradolivro2023","author_name":"Matheus","author_url":"https:\/\/www.cmc.com.br\/feiradolivro2023\/author\/matheus\/","title":"Mesa redonda con Rodrigo Casarin - 2\u00b0 EM - Feira do Livro","type":"rich","width":600,"height":338,"html":"<blockquote class=\"wp-embedded-content\" data-secret=\"yqMvs3Kg6M\"><a href=\"https:\/\/www.cmc.com.br\/feiradolivro2023\/conteudos\/mesa-redonda-con-rodrigo-casarin-2-em\/\">Mesa redonda con Rodrigo Casarin &#8211; 2\u00b0 EM<\/a><\/blockquote><iframe sandbox=\"allow-scripts\" security=\"restricted\" src=\"https:\/\/www.cmc.com.br\/feiradolivro2023\/conteudos\/mesa-redonda-con-rodrigo-casarin-2-em\/embed\/#?secret=yqMvs3Kg6M\" width=\"600\" height=\"338\" title=\"&#8220;Mesa redonda con Rodrigo Casarin &#8211; 2\u00b0 EM&#8221; &#8212; Feira do Livro\" data-secret=\"yqMvs3Kg6M\" frameborder=\"0\" marginwidth=\"0\" marginheight=\"0\" scrolling=\"no\" class=\"wp-embedded-content\"><\/iframe><script type=\"text\/javascript\">\n\/* <![CDATA[ *\/\n\/*! This file is auto-generated *\/\n!function(d,l){\"use strict\";l.querySelector&&d.addEventListener&&\"undefined\"!=typeof URL&&(d.wp=d.wp||{},d.wp.receiveEmbedMessage||(d.wp.receiveEmbedMessage=function(e){var t=e.data;if((t||t.secret||t.message||t.value)&&!\/[^a-zA-Z0-9]\/.test(t.secret)){for(var s,r,n,a=l.querySelectorAll('iframe[data-secret=\"'+t.secret+'\"]'),o=l.querySelectorAll('blockquote[data-secret=\"'+t.secret+'\"]'),c=new RegExp(\"^https?:$\",\"i\"),i=0;i<o.length;i++)o[i].style.display=\"none\";for(i=0;i<a.length;i++)s=a[i],e.source===s.contentWindow&&(s.removeAttribute(\"style\"),\"height\"===t.message?(1e3<(r=parseInt(t.value,10))?r=1e3:~~r<200&&(r=200),s.height=r):\"link\"===t.message&&(r=new URL(s.getAttribute(\"src\")),n=new URL(t.value),c.test(n.protocol))&&n.host===r.host&&l.activeElement===s&&(d.top.location.href=t.value))}},d.addEventListener(\"message\",d.wp.receiveEmbedMessage,!1),l.addEventListener(\"DOMContentLoaded\",function(){for(var e,t,s=l.querySelectorAll(\"iframe.wp-embedded-content\"),r=0;r<s.length;r++)(t=(e=s[r]).getAttribute(\"data-secret\"))||(t=Math.random().toString(36).substring(2,12),e.src+=\"#?secret=\"+t,e.setAttribute(\"data-secret\",t)),e.contentWindow.postMessage({message:\"ready\",secret:t},\"*\")},!1)))}(window,document);\n\/* ]]> *\/\n<\/script>\n","description":"La contribuci\u00f3n de la novela gr\u00e1fica en la literatura Por: Rodolfo Bonventti En el cierre de la 39\u00aa Feria del Libro, los estudiantes de 2\u00ba curso de Ense\u00f1anza Media participaron en una mesa redonda para debatir el libro Escuta, formosa M\u00e1rcia, una novela gr\u00e1fica escrita por Marcelo Quintanilha. El evento cont\u00f3 con la participaci\u00f3n del [&hellip;]","thumbnail_url":"https:\/\/www.cmc.com.br\/feiradolivro2023\/wp-content\/uploads\/2023\/05\/INTERNA-13.jpg"}

La contribución de la novela gráfica en la literatura Por: Rodolfo Bonventti En el cierre de la 39ª Feria del Libro, los estudiantes de 2º curso de Enseñanza Media participaron en una mesa redonda para debatir el libro Escuta, formosa Márcia, una novela gráfica escrita por Marcelo Quintanilha. El evento contó con la participación del [&hellip;]
