{"version":"1.0","provider_name":"Feira do Livro","provider_url":"https:\/\/www.cmc.com.br\/feiradolivro2023","author_name":"Matheus","author_url":"https:\/\/www.cmc.com.br\/feiradolivro2023\/author\/matheus\/","title":"Raoni Marqs - Feira do Livro","type":"rich","width":600,"height":338,"html":"<blockquote class=\"wp-embedded-content\" data-secret=\"yYqGSYfpaP\"><a href=\"https:\/\/www.cmc.com.br\/feiradolivro2023\/conteudos\/raoni-marqs\/\">Raoni Marqs<\/a><\/blockquote><iframe sandbox=\"allow-scripts\" security=\"restricted\" src=\"https:\/\/www.cmc.com.br\/feiradolivro2023\/conteudos\/raoni-marqs\/embed\/#?secret=yYqGSYfpaP\" width=\"600\" height=\"338\" title=\"&#8220;Raoni Marqs&#8221; &#8212; Feira do Livro\" data-secret=\"yYqGSYfpaP\" frameborder=\"0\" marginwidth=\"0\" marginheight=\"0\" scrolling=\"no\" class=\"wp-embedded-content\"><\/iframe><script type=\"text\/javascript\">\n\/* <![CDATA[ *\/\n\/*! This file is auto-generated *\/\n!function(d,l){\"use strict\";l.querySelector&&d.addEventListener&&\"undefined\"!=typeof URL&&(d.wp=d.wp||{},d.wp.receiveEmbedMessage||(d.wp.receiveEmbedMessage=function(e){var t=e.data;if((t||t.secret||t.message||t.value)&&!\/[^a-zA-Z0-9]\/.test(t.secret)){for(var s,r,n,a=l.querySelectorAll('iframe[data-secret=\"'+t.secret+'\"]'),o=l.querySelectorAll('blockquote[data-secret=\"'+t.secret+'\"]'),c=new RegExp(\"^https?:$\",\"i\"),i=0;i<o.length;i++)o[i].style.display=\"none\";for(i=0;i<a.length;i++)s=a[i],e.source===s.contentWindow&&(s.removeAttribute(\"style\"),\"height\"===t.message?(1e3<(r=parseInt(t.value,10))?r=1e3:~~r<200&&(r=200),s.height=r):\"link\"===t.message&&(r=new URL(s.getAttribute(\"src\")),n=new URL(t.value),c.test(n.protocol))&&n.host===r.host&&l.activeElement===s&&(d.top.location.href=t.value))}},d.addEventListener(\"message\",d.wp.receiveEmbedMessage,!1),l.addEventListener(\"DOMContentLoaded\",function(){for(var e,t,s=l.querySelectorAll(\"iframe.wp-embedded-content\"),r=0;r<s.length;r++)(t=(e=s[r]).getAttribute(\"data-secret\"))||(t=Math.random().toString(36).substring(2,12),e.src+=\"#?secret=\"+t,e.setAttribute(\"data-secret\",t)),e.contentWindow.postMessage({message:\"ready\",secret:t},\"*\")},!1)))}(window,document);\n\/* ]]> *\/\n<\/script>\n","description":"Escritor e desenhista, Raoni \u00e9 formado em cinema e escreveu roteiros para as s\u00e9ries Irm\u00e3o do Jorel e Ico Bit Zip, ambas indicadas ao Emmy. \u00c9 s\u00f3cio do selo de quadrinhos da Omelete. F\u00e3 de mang\u00e1 desde os primeiros lan\u00e7amentos da editora JBC no Brasil, faz os pr\u00f3prios quadrinhos desde 2014. \u00c9 autor do livro [&hellip;]","thumbnail_url":"https:\/\/www.cmc.com.br\/feiradolivro2023\/wp-content\/uploads\/2023\/05\/Raoni-Marqs.jpg"}

Escritor e desenhista, Raoni é formado em cinema e escreveu roteiros para as séries Irmão do Jorel e Ico Bit Zip, ambas indicadas ao Emmy. É sócio do selo de quadrinhos da Omelete. Fã de mangá desde os primeiros lançamentos da editora JBC no Brasil, faz os próprios quadrinhos desde 2014. É autor do livro [&hellip;]
