{"version":"1.0","provider_name":"Feira do Livro","provider_url":"https:\/\/www.cmc.com.br\/feiradolivro2023","author_name":"Matheus","author_url":"https:\/\/www.cmc.com.br\/feiradolivro2023\/author\/matheus\/","title":"Videoconferencia: Javier Negrete - 1\u00b0 EM - Feira do Livro","type":"rich","width":600,"height":338,"html":"<blockquote class=\"wp-embedded-content\" data-secret=\"RIj8J0JSdO\"><a href=\"https:\/\/www.cmc.com.br\/feiradolivro2023\/conteudos\/videoconferencia-javier-negrete-1-em\/\">Videoconferencia: Javier Negrete &#8211; 1\u00b0 EM<\/a><\/blockquote><iframe sandbox=\"allow-scripts\" security=\"restricted\" src=\"https:\/\/www.cmc.com.br\/feiradolivro2023\/conteudos\/videoconferencia-javier-negrete-1-em\/embed\/#?secret=RIj8J0JSdO\" width=\"600\" height=\"338\" title=\"&#8220;Videoconferencia: Javier Negrete &#8211; 1\u00b0 EM&#8221; &#8212; Feira do Livro\" data-secret=\"RIj8J0JSdO\" frameborder=\"0\" marginwidth=\"0\" marginheight=\"0\" scrolling=\"no\" class=\"wp-embedded-content\"><\/iframe><script type=\"text\/javascript\">\n\/* <![CDATA[ *\/\n\/*! This file is auto-generated *\/\n!function(d,l){\"use strict\";l.querySelector&&d.addEventListener&&\"undefined\"!=typeof URL&&(d.wp=d.wp||{},d.wp.receiveEmbedMessage||(d.wp.receiveEmbedMessage=function(e){var t=e.data;if((t||t.secret||t.message||t.value)&&!\/[^a-zA-Z0-9]\/.test(t.secret)){for(var s,r,n,a=l.querySelectorAll('iframe[data-secret=\"'+t.secret+'\"]'),o=l.querySelectorAll('blockquote[data-secret=\"'+t.secret+'\"]'),c=new RegExp(\"^https?:$\",\"i\"),i=0;i<o.length;i++)o[i].style.display=\"none\";for(i=0;i<a.length;i++)s=a[i],e.source===s.contentWindow&&(s.removeAttribute(\"style\"),\"height\"===t.message?(1e3<(r=parseInt(t.value,10))?r=1e3:~~r<200&&(r=200),s.height=r):\"link\"===t.message&&(r=new URL(s.getAttribute(\"src\")),n=new URL(t.value),c.test(n.protocol))&&n.host===r.host&&l.activeElement===s&&(d.top.location.href=t.value))}},d.addEventListener(\"message\",d.wp.receiveEmbedMessage,!1),l.addEventListener(\"DOMContentLoaded\",function(){for(var e,t,s=l.querySelectorAll(\"iframe.wp-embedded-content\"),r=0;r<s.length;r++)(t=(e=s[r]).getAttribute(\"data-secret\"))||(t=Math.random().toString(36).substring(2,12),e.src+=\"#?secret=\"+t,e.setAttribute(\"data-secret\",t)),e.contentWindow.postMessage({message:\"ready\",secret:t},\"*\")},!1)))}(window,document);\n\/* ]]> *\/\n<\/script>\n","description":"El camino de la paz a trav\u00e9s de la literatura fant\u00e1stica Por: Rodolfo Bonventii | 23 de mayo de 2023. Los alumnos de 1ercurso de Ense\u00f1anza Media participaron, el pasado 23 de mayo, en la videoconferencia Un camino hacia la paz en la narrativa de la batalla de Salamina con el escritor espa\u00f1ol Javier Negrete, [&hellip;]","thumbnail_url":"https:\/\/www.cmc.com.br\/feiradolivro2023\/wp-content\/uploads\/2023\/05\/INTERNA.jpg"}

El camino de la paz a través de la literatura fantástica Por: Rodolfo Bonventii | 23 de mayo de 2023. Los alumnos de 1ercurso de Enseñanza Media participaron, el pasado 23 de mayo, en la videoconferencia Un camino hacia la paz en la narrativa de la batalla de Salamina con el escritor español Javier Negrete, [&hellip;]
