{"version":"1.0","provider_name":"Feira do Livro","provider_url":"https:\/\/www.cmc.com.br\/feiradolivro2024","author_name":"Victoria","author_url":"https:\/\/www.cmc.com.br\/feiradolivro2024\/author\/victoria\/","title":"Charla con Care Santos - Feira do Livro","type":"rich","width":600,"height":338,"html":"<blockquote class=\"wp-embedded-content\" data-secret=\"454H6Sy14w\"><a href=\"https:\/\/www.cmc.com.br\/feiradolivro2024\/conteudos\/charla-con-care-santos\/\">Charla con Care Santos<\/a><\/blockquote><iframe sandbox=\"allow-scripts\" security=\"restricted\" src=\"https:\/\/www.cmc.com.br\/feiradolivro2024\/conteudos\/charla-con-care-santos\/embed\/#?secret=454H6Sy14w\" width=\"600\" height=\"338\" title=\"&#8220;Charla con Care Santos&#8221; &#8212; Feira do Livro\" data-secret=\"454H6Sy14w\" frameborder=\"0\" marginwidth=\"0\" marginheight=\"0\" scrolling=\"no\" class=\"wp-embedded-content\"><\/iframe><script type=\"text\/javascript\">\n\/* <![CDATA[ *\/\n\/*! This file is auto-generated *\/\n!function(d,l){\"use strict\";l.querySelector&&d.addEventListener&&\"undefined\"!=typeof URL&&(d.wp=d.wp||{},d.wp.receiveEmbedMessage||(d.wp.receiveEmbedMessage=function(e){var t=e.data;if((t||t.secret||t.message||t.value)&&!\/[^a-zA-Z0-9]\/.test(t.secret)){for(var s,r,n,a=l.querySelectorAll('iframe[data-secret=\"'+t.secret+'\"]'),o=l.querySelectorAll('blockquote[data-secret=\"'+t.secret+'\"]'),c=new RegExp(\"^https?:$\",\"i\"),i=0;i<o.length;i++)o[i].style.display=\"none\";for(i=0;i<a.length;i++)s=a[i],e.source===s.contentWindow&&(s.removeAttribute(\"style\"),\"height\"===t.message?(1e3<(r=parseInt(t.value,10))?r=1e3:~~r<200&&(r=200),s.height=r):\"link\"===t.message&&(r=new URL(s.getAttribute(\"src\")),n=new URL(t.value),c.test(n.protocol))&&n.host===r.host&&l.activeElement===s&&(d.top.location.href=t.value))}},d.addEventListener(\"message\",d.wp.receiveEmbedMessage,!1),l.addEventListener(\"DOMContentLoaded\",function(){for(var e,t,s=l.querySelectorAll(\"iframe.wp-embedded-content\"),r=0;r<s.length;r++)(t=(e=s[r]).getAttribute(\"data-secret\"))||(t=Math.random().toString(36).substring(2,12),e.src+=\"#?secret=\"+t,e.setAttribute(\"data-secret\",t)),e.contentWindow.postMessage({message:\"ready\",secret:t},\"*\")},!1)))}(window,document);\n\/* ]]> *\/\n<\/script>\n","description":"Sobre la novela Mentira Por: Margarita S\u00e1nchez S\u00e1nchez El 10 de septiembre, la escritora espa\u00f1ola Care Santos particip\u00f3 en un encuentro con los alumnos de 9.\u00ba curso para conversar sobre su novela Mentira, \u00a0obra recomendada en la 40.\u00aa Feria del Libro del Colegio y trabajada durante el segundo trimestre en las clases de Literatura Espa\u00f1ola. [&hellip;]","thumbnail_url":"https:\/\/www.cmc.com.br\/feiradolivro2024\/wp-content\/uploads\/2024\/09\/2024_FL_Care_Santos-1-150x150.jpg"}

Sobre la novela Mentira Por: Margarita Sánchez Sánchez El 10 de septiembre, la escritora española Care Santos participó en un encuentro con los alumnos de 9.º curso para conversar sobre su novela Mentira,  obra recomendada en la 40.ª Feria del Libro del Colegio y trabajada durante el segundo trimestre en las clases de Literatura Española. [&hellip;]
