{"version":"1.0","provider_name":"Feira do Livro","provider_url":"https:\/\/www.cmc.com.br\/feiradolivro2024","author_name":"Tatiana","author_url":"https:\/\/www.cmc.com.br\/feiradolivro2024\/author\/tatiana\/","title":"Ivo Minkovicius - Feira do Livro","type":"rich","width":600,"height":338,"html":"<blockquote class=\"wp-embedded-content\" data-secret=\"ATlfZUp6AV\"><a href=\"https:\/\/www.cmc.com.br\/feiradolivro2024\/conteudos\/ivo-minkovicius\/\">Ivo Minkovicius<\/a><\/blockquote><iframe sandbox=\"allow-scripts\" security=\"restricted\" src=\"https:\/\/www.cmc.com.br\/feiradolivro2024\/conteudos\/ivo-minkovicius\/embed\/#?secret=ATlfZUp6AV\" width=\"600\" height=\"338\" title=\"&#8220;Ivo Minkovicius&#8221; &#8212; Feira do Livro\" data-secret=\"ATlfZUp6AV\" frameborder=\"0\" marginwidth=\"0\" marginheight=\"0\" scrolling=\"no\" class=\"wp-embedded-content\"><\/iframe><script type=\"text\/javascript\">\n\/* <![CDATA[ *\/\n\/*! This file is auto-generated *\/\n!function(d,l){\"use strict\";l.querySelector&&d.addEventListener&&\"undefined\"!=typeof URL&&(d.wp=d.wp||{},d.wp.receiveEmbedMessage||(d.wp.receiveEmbedMessage=function(e){var t=e.data;if((t||t.secret||t.message||t.value)&&!\/[^a-zA-Z0-9]\/.test(t.secret)){for(var s,r,n,a=l.querySelectorAll('iframe[data-secret=\"'+t.secret+'\"]'),o=l.querySelectorAll('blockquote[data-secret=\"'+t.secret+'\"]'),c=new RegExp(\"^https?:$\",\"i\"),i=0;i<o.length;i++)o[i].style.display=\"none\";for(i=0;i<a.length;i++)s=a[i],e.source===s.contentWindow&&(s.removeAttribute(\"style\"),\"height\"===t.message?(1e3<(r=parseInt(t.value,10))?r=1e3:~~r<200&&(r=200),s.height=r):\"link\"===t.message&&(r=new URL(s.getAttribute(\"src\")),n=new URL(t.value),c.test(n.protocol))&&n.host===r.host&&l.activeElement===s&&(d.top.location.href=t.value))}},d.addEventListener(\"message\",d.wp.receiveEmbedMessage,!1),l.addEventListener(\"DOMContentLoaded\",function(){for(var e,t,s=l.querySelectorAll(\"iframe.wp-embedded-content\"),r=0;r<s.length;r++)(t=(e=s[r]).getAttribute(\"data-secret\"))||(t=Math.random().toString(36).substring(2,12),e.src+=\"#?secret=\"+t,e.setAttribute(\"data-secret\",t)),e.contentWindow.postMessage({message:\"ready\",secret:t},\"*\")},!1)))}(window,document);\n\/* ]]> *\/\n<\/script>\n","description":"Nasceu em S\u00e3o Paulo, em 1965. \u00c9 ilustrador, escritor, arquiteto e designer gr\u00e1fico. Com mais de 40 livros publicados, tanto de sua autoria quanto em colabora\u00e7\u00e3o com outros autores, suas obras s\u00e3o amplamente adotadas em escolas, tendo sido algumas delas selecionadas para programas como o \u201cPrograma Nacional do Livro e do Material Did\u00e1tico (PNLD)\u201d. Em [&hellip;]","thumbnail_url":"https:\/\/www.cmc.com.br\/feiradolivro2024\/wp-content\/uploads\/2024\/05\/Ivo-Minkovicius.jpg"}

Nasceu em São Paulo, em 1965. É ilustrador, escritor, arquiteto e designer gráfico. Com mais de 40 livros publicados, tanto de sua autoria quanto em colaboração com outros autores, suas obras são amplamente adotadas em escolas, tendo sido algumas delas selecionadas para programas como o “Programa Nacional do Livro e do Material Didático (PNLD)”. Em [&hellip;]
