{"version":"1.0","provider_name":"Feira do Livro","provider_url":"https:\/\/www.cmc.com.br\/feiradolivro2025","author_name":"Tatiana","author_url":"https:\/\/www.cmc.com.br\/feiradolivro2025\/author\/tatiana\/","title":"Julie Dorrico - Palestra - Feira do Livro","type":"rich","width":600,"height":338,"html":"<blockquote class=\"wp-embedded-content\" data-secret=\"pxzwYKMGsF\"><a href=\"https:\/\/www.cmc.com.br\/feiradolivro2025\/conteudos\/julie-dorrico-palestra\/\">Julie Dorrico &#8211; Palestra<\/a><\/blockquote><iframe sandbox=\"allow-scripts\" security=\"restricted\" src=\"https:\/\/www.cmc.com.br\/feiradolivro2025\/conteudos\/julie-dorrico-palestra\/embed\/#?secret=pxzwYKMGsF\" width=\"600\" height=\"338\" title=\"&#8220;Julie Dorrico &#8211; Palestra&#8221; &#8212; Feira do Livro\" data-secret=\"pxzwYKMGsF\" frameborder=\"0\" marginwidth=\"0\" marginheight=\"0\" scrolling=\"no\" class=\"wp-embedded-content\"><\/iframe><script type=\"text\/javascript\">\n\/* <![CDATA[ *\/\n\/*! This file is auto-generated *\/\n!function(d,l){\"use strict\";l.querySelector&&d.addEventListener&&\"undefined\"!=typeof URL&&(d.wp=d.wp||{},d.wp.receiveEmbedMessage||(d.wp.receiveEmbedMessage=function(e){var t=e.data;if((t||t.secret||t.message||t.value)&&!\/[^a-zA-Z0-9]\/.test(t.secret)){for(var s,r,n,a=l.querySelectorAll('iframe[data-secret=\"'+t.secret+'\"]'),o=l.querySelectorAll('blockquote[data-secret=\"'+t.secret+'\"]'),c=new RegExp(\"^https?:$\",\"i\"),i=0;i<o.length;i++)o[i].style.display=\"none\";for(i=0;i<a.length;i++)s=a[i],e.source===s.contentWindow&&(s.removeAttribute(\"style\"),\"height\"===t.message?(1e3<(r=parseInt(t.value,10))?r=1e3:~~r<200&&(r=200),s.height=r):\"link\"===t.message&&(r=new URL(s.getAttribute(\"src\")),n=new URL(t.value),c.test(n.protocol))&&n.host===r.host&&l.activeElement===s&&(d.top.location.href=t.value))}},d.addEventListener(\"message\",d.wp.receiveEmbedMessage,!1),l.addEventListener(\"DOMContentLoaded\",function(){for(var e,t,s=l.querySelectorAll(\"iframe.wp-embedded-content\"),r=0;r<s.length;r++)(t=(e=s[r]).getAttribute(\"data-secret\"))||(t=Math.random().toString(36).substring(2,12),e.src+=\"#?secret=\"+t,e.setAttribute(\"data-secret\",t)),e.contentWindow.postMessage({message:\"ready\",secret:t},\"*\")},!1)))}(window,document);\n\/* ]]> *\/\n<\/script>\n","description":"A literatura ind\u00edgena: conhecendo outros brasis Trudru\u00e1 Makuxi, nascida Julie Dorrico, \u00e9 membro do povo Macuxi. Doutora em Teoria da Literatura na PUCRS. Mestre em Estudos Liter\u00e1rios e licenciada em Letras Portugu\u00eas pela UNIR. \u00c9 poeta, escritora, palestrante, pesquisadora de literatura ind\u00edgena. Tamb\u00e9m \u00e9 autora da obra \u201cEu sou macuxi e outras hist\u00f3rias\u201d. Trudru\u00e1 Makuxi, [&hellip;]","thumbnail_url":"https:\/\/www.cmc.com.br\/feiradolivro2025\/wp-content\/uploads\/2025\/05\/Julie-Dorico-copiar.jpg","thumbnail_width":300,"thumbnail_height":300}

A literatura indígena: conhecendo outros brasis Trudruá Makuxi, nascida Julie Dorrico, é membro do povo Macuxi. Doutora em Teoria da Literatura na PUCRS. Mestre em Estudos Literários e licenciada em Letras Português pela UNIR. É poeta, escritora, palestrante, pesquisadora de literatura indígena. Também é autora da obra “Eu sou macuxi e outras histórias”. Trudruá Makuxi, [&hellip;]
