{"version":"1.0","provider_name":"Feira do Livro","provider_url":"https:\/\/www.cmc.com.br\/feiradolivro2025","author_name":"Marina","author_url":"https:\/\/www.cmc.com.br\/feiradolivro2025\/author\/marina\/","title":"Taller de Turbantes con Penha Crispim - Feira do Livro","type":"rich","width":600,"height":338,"html":"<blockquote class=\"wp-embedded-content\" data-secret=\"VbJgngmJGw\"><a href=\"https:\/\/www.cmc.com.br\/feiradolivro2025\/conteudos\/taller-de-turbantes-con-penha-crispim\/\">Taller de Turbantes con Penha Crispim<\/a><\/blockquote><iframe sandbox=\"allow-scripts\" security=\"restricted\" src=\"https:\/\/www.cmc.com.br\/feiradolivro2025\/conteudos\/taller-de-turbantes-con-penha-crispim\/embed\/#?secret=VbJgngmJGw\" width=\"600\" height=\"338\" title=\"&#8220;Taller de Turbantes con Penha Crispim&#8221; &#8212; Feira do Livro\" data-secret=\"VbJgngmJGw\" frameborder=\"0\" marginwidth=\"0\" marginheight=\"0\" scrolling=\"no\" class=\"wp-embedded-content\"><\/iframe><script type=\"text\/javascript\">\n\/* <![CDATA[ *\/\n\/*! This file is auto-generated *\/\n!function(d,l){\"use strict\";l.querySelector&&d.addEventListener&&\"undefined\"!=typeof URL&&(d.wp=d.wp||{},d.wp.receiveEmbedMessage||(d.wp.receiveEmbedMessage=function(e){var t=e.data;if((t||t.secret||t.message||t.value)&&!\/[^a-zA-Z0-9]\/.test(t.secret)){for(var s,r,n,a=l.querySelectorAll('iframe[data-secret=\"'+t.secret+'\"]'),o=l.querySelectorAll('blockquote[data-secret=\"'+t.secret+'\"]'),c=new RegExp(\"^https?:$\",\"i\"),i=0;i<o.length;i++)o[i].style.display=\"none\";for(i=0;i<a.length;i++)s=a[i],e.source===s.contentWindow&&(s.removeAttribute(\"style\"),\"height\"===t.message?(1e3<(r=parseInt(t.value,10))?r=1e3:~~r<200&&(r=200),s.height=r):\"link\"===t.message&&(r=new URL(s.getAttribute(\"src\")),n=new URL(t.value),c.test(n.protocol))&&n.host===r.host&&l.activeElement===s&&(d.top.location.href=t.value))}},d.addEventListener(\"message\",d.wp.receiveEmbedMessage,!1),l.addEventListener(\"DOMContentLoaded\",function(){for(var e,t,s=l.querySelectorAll(\"iframe.wp-embedded-content\"),r=0;r<s.length;r++)(t=(e=s[r]).getAttribute(\"data-secret\"))||(t=Math.random().toString(36).substring(2,12),e.src+=\"#?secret=\"+t,e.setAttribute(\"data-secret\",t)),e.contentWindow.postMessage({message:\"ready\",secret:t},\"*\")},!1)))}(window,document);\n\/* ]]> *\/\n<\/script>\n","description":"Turbantes, ancestralidade e saberes afro-brasileiros em destaque na forma\u00e7\u00e3o das crian\u00e7as Por: Marina Savioli No segundo dia de atividades da Feira do Livro, os alunos do 4\u00ba ano do Ensino Fundamental participaram de uma oficina inspiradora de Turbantes Africanos, conduzida pela jornalista e artes\u00e3 Penha Crispim. A atividade proporcionou um momento significativo de aprendizado, reflex\u00e3o [&hellip;]","thumbnail_url":"https:\/\/www.cmc.com.br\/feiradolivro2025\/wp-content\/uploads\/2025\/05\/IMG_0424-300x200.jpg"}

Turbantes, ancestralidade e saberes afro-brasileiros em destaque na formação das crianças Por: Marina Savioli No segundo dia de atividades da Feira do Livro, os alunos do 4º ano do Ensino Fundamental participaram de uma oficina inspiradora de Turbantes Africanos, conduzida pela jornalista e artesã Penha Crispim. A atividade proporcionou um momento significativo de aprendizado, reflexão [&hellip;]
