{"version":"1.0","provider_name":"Feira do Livro","provider_url":"https:\/\/www.cmc.com.br\/feiradolivro2025","author_name":"Ruan","author_url":"https:\/\/www.cmc.com.br\/feiradolivro2025\/author\/ruan\/","title":"Victor Pe\u00f1a Dacosta - Feira do Livro","type":"rich","width":600,"height":338,"html":"<blockquote class=\"wp-embedded-content\" data-secret=\"ZTdv5J5i84\"><a href=\"https:\/\/www.cmc.com.br\/feiradolivro2025\/conteudos\/victor-pena-dacosta\/\">Victor Pe\u00f1a Dacosta<\/a><\/blockquote><iframe sandbox=\"allow-scripts\" security=\"restricted\" src=\"https:\/\/www.cmc.com.br\/feiradolivro2025\/conteudos\/victor-pena-dacosta\/embed\/#?secret=ZTdv5J5i84\" width=\"600\" height=\"338\" title=\"&#8220;Victor Pe\u00f1a Dacosta&#8221; &#8212; Feira do Livro\" data-secret=\"ZTdv5J5i84\" frameborder=\"0\" marginwidth=\"0\" marginheight=\"0\" scrolling=\"no\" class=\"wp-embedded-content\"><\/iframe><script type=\"text\/javascript\">\n\/* <![CDATA[ *\/\n\/*! This file is auto-generated *\/\n!function(d,l){\"use strict\";l.querySelector&&d.addEventListener&&\"undefined\"!=typeof URL&&(d.wp=d.wp||{},d.wp.receiveEmbedMessage||(d.wp.receiveEmbedMessage=function(e){var t=e.data;if((t||t.secret||t.message||t.value)&&!\/[^a-zA-Z0-9]\/.test(t.secret)){for(var s,r,n,a=l.querySelectorAll('iframe[data-secret=\"'+t.secret+'\"]'),o=l.querySelectorAll('blockquote[data-secret=\"'+t.secret+'\"]'),c=new RegExp(\"^https?:$\",\"i\"),i=0;i<o.length;i++)o[i].style.display=\"none\";for(i=0;i<a.length;i++)s=a[i],e.source===s.contentWindow&&(s.removeAttribute(\"style\"),\"height\"===t.message?(1e3<(r=parseInt(t.value,10))?r=1e3:~~r<200&&(r=200),s.height=r):\"link\"===t.message&&(r=new URL(s.getAttribute(\"src\")),n=new URL(t.value),c.test(n.protocol))&&n.host===r.host&&l.activeElement===s&&(d.top.location.href=t.value))}},d.addEventListener(\"message\",d.wp.receiveEmbedMessage,!1),l.addEventListener(\"DOMContentLoaded\",function(){for(var e,t,s=l.querySelectorAll(\"iframe.wp-embedded-content\"),r=0;r<s.length;r++)(t=(e=s[r]).getAttribute(\"data-secret\"))||(t=Math.random().toString(36).substring(2,12),e.src+=\"#?secret=\"+t,e.setAttribute(\"data-secret\",t)),e.contentWindow.postMessage({message:\"ready\",secret:t},\"*\")},!1)))}(window,document);\n\/* ]]> *\/\n<\/script>\n","description":"Nasceu em 1985, na cidade de Plasencia, embora atualmente resida em \u00c1guilas. Publicou os livros de poesia La huida hacia delante (Ediciones de La Isla de Siltol\u00e1, 2014), Diario de un puretas reci\u00e9n casado (Ediciones Liliputienses, 2016) e Obsolescencia programada (RIL Editores, 2019). Tamb\u00e9m teve a responsabilidade e o privil\u00e9gio de editar e escrever o [&hellip;]","thumbnail_url":"https:\/\/www.cmc.com.br\/feiradolivro2025\/wp-content\/uploads\/2025\/05\/Victor-Pena-Dacosta-copiar.jpg","thumbnail_width":300,"thumbnail_height":300}

Victor Peña Dacosta - Feira do Livro

<blockquote class="wp-embedded-content" data-secret="ZTdv5J5i84"><a href="https://www.cmc.com.br/feiradolivro2025/conteudos/victor-pena-dacosta/">Victor Peña Dacosta</a></blockquote><iframe sandbox="allow-scripts" security="restricted" src="https://www.cmc.com.br/feiradolivro2025/conteudos/victor-pena-dacosta/embed/#?secret=ZTdv5J5i84" width="600" height="338" title="&#8220;Victor Peña Dacosta&#8221; &#8212; Feira do Livro" data-secret="ZTdv5J5i84" frameborder="0" marginwidth="0" marginheight="0" scrolling="no" class="wp-embedded-content"></iframe><script type="text/javascript">
/* <![CDATA[ */
/*! This file is auto-generated */
!function(d,l){"use strict";l.querySelector&&d.addEventListener&&"undefined"!=typeof URL&&(d.wp=d.wp||{},d.wp.receiveEmbedMessage||(d.wp.receiveEmbedMessage=function(e){var t=e.data;if((t||t.secret||t.message||t.value)&&!/[^a-zA-Z0-9]/.test(t.secret)){for(var s,r,n,a=l.querySelectorAll('iframe[data-secret="'+t.secret+'"]'),o=l.querySelectorAll('blockquote[data-secret="'+t.secret+'"]'),c=new RegExp("^https?:$","i"),i=0;i<o.length;i++)o[i].style.display="none";for(i=0;i<a.length;i++)s=a[i],e.source===s.contentWindow&&(s.removeAttribute("style"),"height"===t.message?(1e3<(r=parseInt(t.value,10))?r=1e3:~~r<200&&(r=200),s.height=r):"link"===t.message&&(r=new URL(s.getAttribute("src")),n=new URL(t.value),c.test(n.protocol))&&n.host===r.host&&l.activeElement===s&&(d.top.location.href=t.value))}},d.addEventListener("message",d.wp.receiveEmbedMessage,!1),l.addEventListener("DOMContentLoaded",function(){for(var e,t,s=l.querySelectorAll("iframe.wp-embedded-content"),r=0;r<s.length;r++)(t=(e=s[r]).getAttribute("data-secret"))||(t=Math.random().toString(36).substring(2,12),e.src+="#?secret="+t,e.setAttribute("data-secret",t)),e.contentWindow.postMessage({message:"ready",secret:t},"*")},!1)))}(window,document);
/* ]]> */
</script>

Nasceu em 1985, na cidade de Plasencia, embora atualmente resida em Águilas. Publicou os livros de poesia La huida hacia delante (Ediciones de La Isla de Siltolá, 2014), Diario de un puretas recién casado (Ediciones Liliputienses, 2016) e Obsolescencia programada (RIL Editores, 2019). Também teve a responsabilidade e o privilégio de editar e escrever o [&hellip;]
