{"version":"1.0","provider_name":"Hispanidad - CMC","provider_url":"https:\/\/www.cmc.com.br\/hispanidad2017","author_name":"admin","author_url":"https:\/\/www.cmc.com.br\/hispanidad2017\/author\/admin\/","title":"Entrevista com Jorge Pedrosa - Hispanidad - CMC","type":"rich","width":600,"height":338,"html":"<blockquote class=\"wp-embedded-content\" data-secret=\"sdGfLFr8d4\"><a href=\"https:\/\/www.cmc.com.br\/hispanidad2017\/conteudos\/entrevista-com-jorge-pedrosa\/\">Entrevista com Jorge Pedrosa<\/a><\/blockquote><iframe sandbox=\"allow-scripts\" security=\"restricted\" src=\"https:\/\/www.cmc.com.br\/hispanidad2017\/conteudos\/entrevista-com-jorge-pedrosa\/embed\/#?secret=sdGfLFr8d4\" width=\"600\" height=\"338\" title=\"&#8220;Entrevista com Jorge Pedrosa&#8221; &#8212; Hispanidad - CMC\" data-secret=\"sdGfLFr8d4\" frameborder=\"0\" marginwidth=\"0\" marginheight=\"0\" scrolling=\"no\" class=\"wp-embedded-content\"><\/iframe><script type=\"text\/javascript\">\n\/* <![CDATA[ *\/\n\/*! This file is auto-generated *\/\n!function(d,l){\"use strict\";l.querySelector&&d.addEventListener&&\"undefined\"!=typeof URL&&(d.wp=d.wp||{},d.wp.receiveEmbedMessage||(d.wp.receiveEmbedMessage=function(e){var t=e.data;if((t||t.secret||t.message||t.value)&&!\/[^a-zA-Z0-9]\/.test(t.secret)){for(var s,r,n,a=l.querySelectorAll('iframe[data-secret=\"'+t.secret+'\"]'),o=l.querySelectorAll('blockquote[data-secret=\"'+t.secret+'\"]'),c=new RegExp(\"^https?:$\",\"i\"),i=0;i<o.length;i++)o[i].style.display=\"none\";for(i=0;i<a.length;i++)s=a[i],e.source===s.contentWindow&&(s.removeAttribute(\"style\"),\"height\"===t.message?(1e3<(r=parseInt(t.value,10))?r=1e3:~~r<200&&(r=200),s.height=r):\"link\"===t.message&&(r=new URL(s.getAttribute(\"src\")),n=new URL(t.value),c.test(n.protocol))&&n.host===r.host&&l.activeElement===s&&(d.top.location.href=t.value))}},d.addEventListener(\"message\",d.wp.receiveEmbedMessage,!1),l.addEventListener(\"DOMContentLoaded\",function(){for(var e,t,s=l.querySelectorAll(\"iframe.wp-embedded-content\"),r=0;r<s.length;r++)(t=(e=s[r]).getAttribute(\"data-secret\"))||(t=Math.random().toString(36).substring(2,12),e.src+=\"#?secret=\"+t,e.setAttribute(\"data-secret\",t)),e.contentWindow.postMessage({message:\"ready\",secret:t},\"*\")},!1)))}(window,document);\n\/* ]]> *\/\n<\/script>\n","description":"Por: Luana Rabello Papaiz | 17 de outubro de 2017 Esta entrevista foi feita com o professor de literatura espanhola do Ensino M\u00e9dio do Col\u00e9gio Miguel de Cervantes, Jorge Pedrosa Rua, que se formou em filologia hisp\u00e2nica na Universidade de Santiago de Compostela, Galicia, Espanha. Ela \u00e9 sobre o pr\u00f3prio tema do Congresso, La Edad [&hellip;]"}

Por: Luana Rabello Papaiz | 17 de outubro de 2017 Esta entrevista foi feita com o professor de literatura espanhola do Ensino Médio do Colégio Miguel de Cervantes, Jorge Pedrosa Rua, que se formou em filologia hispânica na Universidade de Santiago de Compostela, Galicia, Espanha. Ela é sobre o próprio tema do Congresso, La Edad [&hellip;]
