{"version":"1.0","provider_name":"Hispanidad - CMC","provider_url":"https:\/\/www.cmc.com.br\/hispanidad2017","author_name":"luiza_ritondaro","author_url":"https:\/\/www.cmc.com.br\/hispanidad2017\/author\/luiza_ritondaro\/","title":"La Edad de Plata - Hispanidad - CMC","type":"rich","width":600,"height":338,"html":"<blockquote class=\"wp-embedded-content\" data-secret=\"jau6bDL0e5\"><a href=\"https:\/\/www.cmc.com.br\/hispanidad2017\/conteudos\/la-edad-de-plata\/\">La Edad de Plata<\/a><\/blockquote><iframe sandbox=\"allow-scripts\" security=\"restricted\" src=\"https:\/\/www.cmc.com.br\/hispanidad2017\/conteudos\/la-edad-de-plata\/embed\/#?secret=jau6bDL0e5\" width=\"600\" height=\"338\" title=\"&#8220;La Edad de Plata&#8221; &#8212; Hispanidad - CMC\" data-secret=\"jau6bDL0e5\" frameborder=\"0\" marginwidth=\"0\" marginheight=\"0\" scrolling=\"no\" class=\"wp-embedded-content\"><\/iframe><script type=\"text\/javascript\">\n\/* <![CDATA[ *\/\n\/*! This file is auto-generated *\/\n!function(d,l){\"use strict\";l.querySelector&&d.addEventListener&&\"undefined\"!=typeof URL&&(d.wp=d.wp||{},d.wp.receiveEmbedMessage||(d.wp.receiveEmbedMessage=function(e){var t=e.data;if((t||t.secret||t.message||t.value)&&!\/[^a-zA-Z0-9]\/.test(t.secret)){for(var s,r,n,a=l.querySelectorAll('iframe[data-secret=\"'+t.secret+'\"]'),o=l.querySelectorAll('blockquote[data-secret=\"'+t.secret+'\"]'),c=new RegExp(\"^https?:$\",\"i\"),i=0;i<o.length;i++)o[i].style.display=\"none\";for(i=0;i<a.length;i++)s=a[i],e.source===s.contentWindow&&(s.removeAttribute(\"style\"),\"height\"===t.message?(1e3<(r=parseInt(t.value,10))?r=1e3:~~r<200&&(r=200),s.height=r):\"link\"===t.message&&(r=new URL(s.getAttribute(\"src\")),n=new URL(t.value),c.test(n.protocol))&&n.host===r.host&&l.activeElement===s&&(d.top.location.href=t.value))}},d.addEventListener(\"message\",d.wp.receiveEmbedMessage,!1),l.addEventListener(\"DOMContentLoaded\",function(){for(var e,t,s=l.querySelectorAll(\"iframe.wp-embedded-content\"),r=0;r<s.length;r++)(t=(e=s[r]).getAttribute(\"data-secret\"))||(t=Math.random().toString(36).substring(2,12),e.src+=\"#?secret=\"+t,e.setAttribute(\"data-secret\",t)),e.contentWindow.postMessage({message:\"ready\",secret:t},\"*\")},!1)))}(window,document);\n\/* ]]> *\/\n<\/script>\n","description":"Una importante \u00e9poca para la cultura espa\u00f1ola Por: Luiza Ritondaro y Sol Merani| 28 de Septiembre de 2017 La Edad de Plata, \u00e9poca que empez\u00f3 al final del modernismo, en el primer tercio del siglo XX, fue marcada por un gran esplendor literario en Espa\u00f1a. Esta \u00e9poca fue dividida en tres generaciones, al igual que [&hellip;]"}

Una importante época para la cultura española Por: Luiza Ritondaro y Sol Merani| 28 de Septiembre de 2017 La Edad de Plata, época que empezó al final del modernismo, en el primer tercio del siglo XX, fue marcada por un gran esplendor literario en España. Esta época fue dividida en tres generaciones, al igual que [&hellip;]
