{"version":"1.0","provider_name":"Hispanidad - CMC","provider_url":"https:\/\/www.cmc.com.br\/hispanidad2017","author_name":"sol_merani","author_url":"https:\/\/www.cmc.com.br\/hispanidad2017\/author\/sol_merani\/","title":"La vida de Rafael Alberti - Hispanidad - CMC","type":"rich","width":600,"height":338,"html":"<blockquote class=\"wp-embedded-content\" data-secret=\"mvIbHNTm4U\"><a href=\"https:\/\/www.cmc.com.br\/hispanidad2017\/conteudos\/la-vida-de-rafael-alberti\/\">La vida de Rafael Alberti<\/a><\/blockquote><iframe sandbox=\"allow-scripts\" security=\"restricted\" src=\"https:\/\/www.cmc.com.br\/hispanidad2017\/conteudos\/la-vida-de-rafael-alberti\/embed\/#?secret=mvIbHNTm4U\" width=\"600\" height=\"338\" title=\"&#8220;La vida de Rafael Alberti&#8221; &#8212; Hispanidad - CMC\" data-secret=\"mvIbHNTm4U\" frameborder=\"0\" marginwidth=\"0\" marginheight=\"0\" scrolling=\"no\" class=\"wp-embedded-content\"><\/iframe><script type=\"text\/javascript\">\n\/* <![CDATA[ *\/\n\/*! This file is auto-generated *\/\n!function(d,l){\"use strict\";l.querySelector&&d.addEventListener&&\"undefined\"!=typeof URL&&(d.wp=d.wp||{},d.wp.receiveEmbedMessage||(d.wp.receiveEmbedMessage=function(e){var t=e.data;if((t||t.secret||t.message||t.value)&&!\/[^a-zA-Z0-9]\/.test(t.secret)){for(var s,r,n,a=l.querySelectorAll('iframe[data-secret=\"'+t.secret+'\"]'),o=l.querySelectorAll('blockquote[data-secret=\"'+t.secret+'\"]'),c=new RegExp(\"^https?:$\",\"i\"),i=0;i<o.length;i++)o[i].style.display=\"none\";for(i=0;i<a.length;i++)s=a[i],e.source===s.contentWindow&&(s.removeAttribute(\"style\"),\"height\"===t.message?(1e3<(r=parseInt(t.value,10))?r=1e3:~~r<200&&(r=200),s.height=r):\"link\"===t.message&&(r=new URL(s.getAttribute(\"src\")),n=new URL(t.value),c.test(n.protocol))&&n.host===r.host&&l.activeElement===s&&(d.top.location.href=t.value))}},d.addEventListener(\"message\",d.wp.receiveEmbedMessage,!1),l.addEventListener(\"DOMContentLoaded\",function(){for(var e,t,s=l.querySelectorAll(\"iframe.wp-embedded-content\"),r=0;r<s.length;r++)(t=(e=s[r]).getAttribute(\"data-secret\"))||(t=Math.random().toString(36).substring(2,12),e.src+=\"#?secret=\"+t,e.setAttribute(\"data-secret\",t)),e.contentWindow.postMessage({message:\"ready\",secret:t},\"*\")},!1)))}(window,document);\n\/* ]]> *\/\n<\/script>\n","description":"Los alumnos de Infantil y primer a\u00f1o representar\u00e1n la vida de Alberti en una obra de teatro. Por: Sol Merani | 28 de septiembre de 2017 Los alumnos de Educaci\u00f3n Infantil se basar\u00e1n, para hacer su trabajo, en la vida de Rafael Alberti. Escritor, mejor conocido como poeta, que naci\u00f3 en el a\u00f1o 1902, y [&hellip;]"}

Los alumnos de Infantil y primer año representarán la vida de Alberti en una obra de teatro. Por: Sol Merani | 28 de septiembre de 2017 Los alumnos de Educación Infantil se basarán, para hacer su trabajo, en la vida de Rafael Alberti. Escritor, mejor conocido como poeta, que nació en el año 1902, y [&hellip;]
