{"version":"1.0","provider_name":"Hispanidad - CMC","provider_url":"https:\/\/www.cmc.com.br\/hispanidad2018","author_name":"Fernanda","author_url":"https:\/\/www.cmc.com.br\/hispanidad2018\/author\/fernanda_baruel\/","title":"Muro y Dictadura - Hispanidad - CMC","type":"rich","width":600,"height":338,"html":"<blockquote class=\"wp-embedded-content\" data-secret=\"shIhGpYR1s\"><a href=\"https:\/\/www.cmc.com.br\/hispanidad2018\/conteudos\/muro-y-dictadura\/\">Muro y Dictadura<\/a><\/blockquote><iframe sandbox=\"allow-scripts\" security=\"restricted\" src=\"https:\/\/www.cmc.com.br\/hispanidad2018\/conteudos\/muro-y-dictadura\/embed\/#?secret=shIhGpYR1s\" width=\"600\" height=\"338\" title=\"&#8220;Muro y Dictadura&#8221; &#8212; Hispanidad - CMC\" data-secret=\"shIhGpYR1s\" frameborder=\"0\" marginwidth=\"0\" marginheight=\"0\" scrolling=\"no\" class=\"wp-embedded-content\"><\/iframe><script type=\"text\/javascript\">\n\/* <![CDATA[ *\/\n\/*! This file is auto-generated *\/\n!function(d,l){\"use strict\";l.querySelector&&d.addEventListener&&\"undefined\"!=typeof URL&&(d.wp=d.wp||{},d.wp.receiveEmbedMessage||(d.wp.receiveEmbedMessage=function(e){var t=e.data;if((t||t.secret||t.message||t.value)&&!\/[^a-zA-Z0-9]\/.test(t.secret)){for(var s,r,n,a=l.querySelectorAll('iframe[data-secret=\"'+t.secret+'\"]'),o=l.querySelectorAll('blockquote[data-secret=\"'+t.secret+'\"]'),c=new RegExp(\"^https?:$\",\"i\"),i=0;i<o.length;i++)o[i].style.display=\"none\";for(i=0;i<a.length;i++)s=a[i],e.source===s.contentWindow&&(s.removeAttribute(\"style\"),\"height\"===t.message?(1e3<(r=parseInt(t.value,10))?r=1e3:~~r<200&&(r=200),s.height=r):\"link\"===t.message&&(r=new URL(s.getAttribute(\"src\")),n=new URL(t.value),c.test(n.protocol))&&n.host===r.host&&l.activeElement===s&&(d.top.location.href=t.value))}},d.addEventListener(\"message\",d.wp.receiveEmbedMessage,!1),l.addEventListener(\"DOMContentLoaded\",function(){for(var e,t,s=l.querySelectorAll(\"iframe.wp-embedded-content\"),r=0;r<s.length;r++)(t=(e=s[r]).getAttribute(\"data-secret\"))||(t=Math.random().toString(36).substring(2,12),e.src+=\"#?secret=\"+t,e.setAttribute(\"data-secret\",t)),e.contentWindow.postMessage({message:\"ready\",secret:t},\"*\")},!1)))}(window,document);\n\/* ]]> *\/\n<\/script>\n","description":"D\u00eda a D\u00eda de los alumnos Por: Antonio Rebou\u00e7as y Gustavo Gabrielli | 28 de septiembre de 2018 Los alumnos del 2\u00b0 y 3\u00b0 curso que participan en el proyecto del\u00a0 muro, est\u00e1n haciendo pinturas con sprays de variados colores en cajas que pegadas unas con otras forman\u00a0 un muro. De un lado de las [&hellip;]"}

Día a Día de los alumnos Por: Antonio Rebouças y Gustavo Gabrielli | 28 de septiembre de 2018 Los alumnos del 2° y 3° curso que participan en el proyecto del  muro, están haciendo pinturas con sprays de variados colores en cajas que pegadas unas con otras forman  un muro. De un lado de las [&hellip;]
