{"version":"1.0","provider_name":"Hispanidad - CMC","provider_url":"https:\/\/www.cmc.com.br\/hispanidad2021","author_name":"Tatiana","author_url":"https:\/\/www.cmc.com.br\/hispanidad2021\/author\/tatiana\/","title":"Entrevista com prof. Fabio Nogueira - Hispanidad - CMC","type":"rich","width":600,"height":338,"html":"<blockquote class=\"wp-embedded-content\" data-secret=\"MT0V6uNM9e\"><a href=\"https:\/\/www.cmc.com.br\/hispanidad2021\/conteudos\/entrevista-prof-fabio-nogueira\/\">Entrevista com prof. Fabio Nogueira<\/a><\/blockquote><iframe sandbox=\"allow-scripts\" security=\"restricted\" src=\"https:\/\/www.cmc.com.br\/hispanidad2021\/conteudos\/entrevista-prof-fabio-nogueira\/embed\/#?secret=MT0V6uNM9e\" width=\"600\" height=\"338\" title=\"&#8220;Entrevista com prof. Fabio Nogueira&#8221; &#8212; Hispanidad - CMC\" data-secret=\"MT0V6uNM9e\" frameborder=\"0\" marginwidth=\"0\" marginheight=\"0\" scrolling=\"no\" class=\"wp-embedded-content\"><\/iframe><script type=\"text\/javascript\">\n\/* <![CDATA[ *\/\n\/*! This file is auto-generated *\/\n!function(d,l){\"use strict\";l.querySelector&&d.addEventListener&&\"undefined\"!=typeof URL&&(d.wp=d.wp||{},d.wp.receiveEmbedMessage||(d.wp.receiveEmbedMessage=function(e){var t=e.data;if((t||t.secret||t.message||t.value)&&!\/[^a-zA-Z0-9]\/.test(t.secret)){for(var s,r,n,a=l.querySelectorAll('iframe[data-secret=\"'+t.secret+'\"]'),o=l.querySelectorAll('blockquote[data-secret=\"'+t.secret+'\"]'),c=new RegExp(\"^https?:$\",\"i\"),i=0;i<o.length;i++)o[i].style.display=\"none\";for(i=0;i<a.length;i++)s=a[i],e.source===s.contentWindow&&(s.removeAttribute(\"style\"),\"height\"===t.message?(1e3<(r=parseInt(t.value,10))?r=1e3:~~r<200&&(r=200),s.height=r):\"link\"===t.message&&(r=new URL(s.getAttribute(\"src\")),n=new URL(t.value),c.test(n.protocol))&&n.host===r.host&&l.activeElement===s&&(d.top.location.href=t.value))}},d.addEventListener(\"message\",d.wp.receiveEmbedMessage,!1),l.addEventListener(\"DOMContentLoaded\",function(){for(var e,t,s=l.querySelectorAll(\"iframe.wp-embedded-content\"),r=0;r<s.length;r++)(t=(e=s[r]).getAttribute(\"data-secret\"))||(t=Math.random().toString(36).substring(2,12),e.src+=\"#?secret=\"+t,e.setAttribute(\"data-secret\",t)),e.contentWindow.postMessage({message:\"ready\",secret:t},\"*\")},!1)))}(window,document);\n\/* ]]> *\/\n<\/script>\n","description":"Tema: La arquitectura sostenible de Gaud\u00ed en Parc Guell Entrevista con el profesor: F\u00e1bio Nogueira Alumno: Thiago Sleiman El profesor F\u00e1bio Nogueira forma parte de la comunidad Cervantina desde hace m\u00e1s de 17 a\u00f1os. Tras su largo recorrido por el Colegio Miguel de Cervantes, actualmente desempe\u00f1a el cargo de Jefe del Departamento de Arte, adem\u00e1s [&hellip;]"}

Tema: La arquitectura sostenible de Gaudí en Parc Guell Entrevista con el profesor: Fábio Nogueira Alumno: Thiago Sleiman El profesor Fábio Nogueira forma parte de la comunidad Cervantina desde hace más de 17 años. Tras su largo recorrido por el Colegio Miguel de Cervantes, actualmente desempeña el cargo de Jefe del Departamento de Arte, además [&hellip;]
