{"version":"1.0","provider_name":"Hispanidad - CMC","provider_url":"https:\/\/www.cmc.com.br\/hispanidad2023","author_name":"admin","author_url":"https:\/\/www.cmc.com.br\/hispanidad2023\/author\/admin\/","title":"Arte, paz y guerras - Hispanidad - CMC","type":"rich","width":600,"height":338,"html":"<blockquote class=\"wp-embedded-content\" data-secret=\"6PzEcCpZil\"><a href=\"https:\/\/www.cmc.com.br\/hispanidad2023\/conteudos\/arte-paz-y-guerras\/\">Arte, paz y guerras<\/a><\/blockquote><iframe sandbox=\"allow-scripts\" security=\"restricted\" src=\"https:\/\/www.cmc.com.br\/hispanidad2023\/conteudos\/arte-paz-y-guerras\/embed\/#?secret=6PzEcCpZil\" width=\"600\" height=\"338\" title=\"&#8220;Arte, paz y guerras&#8221; &#8212; Hispanidad - CMC\" data-secret=\"6PzEcCpZil\" frameborder=\"0\" marginwidth=\"0\" marginheight=\"0\" scrolling=\"no\" class=\"wp-embedded-content\"><\/iframe><script type=\"text\/javascript\">\n\/* <![CDATA[ *\/\n\/*! This file is auto-generated *\/\n!function(d,l){\"use strict\";l.querySelector&&d.addEventListener&&\"undefined\"!=typeof URL&&(d.wp=d.wp||{},d.wp.receiveEmbedMessage||(d.wp.receiveEmbedMessage=function(e){var t=e.data;if((t||t.secret||t.message||t.value)&&!\/[^a-zA-Z0-9]\/.test(t.secret)){for(var s,r,n,a=l.querySelectorAll('iframe[data-secret=\"'+t.secret+'\"]'),o=l.querySelectorAll('blockquote[data-secret=\"'+t.secret+'\"]'),c=new RegExp(\"^https?:$\",\"i\"),i=0;i<o.length;i++)o[i].style.display=\"none\";for(i=0;i<a.length;i++)s=a[i],e.source===s.contentWindow&&(s.removeAttribute(\"style\"),\"height\"===t.message?(1e3<(r=parseInt(t.value,10))?r=1e3:~~r<200&&(r=200),s.height=r):\"link\"===t.message&&(r=new URL(s.getAttribute(\"src\")),n=new URL(t.value),c.test(n.protocol))&&n.host===r.host&&l.activeElement===s&&(d.top.location.href=t.value))}},d.addEventListener(\"message\",d.wp.receiveEmbedMessage,!1),l.addEventListener(\"DOMContentLoaded\",function(){for(var e,t,s=l.querySelectorAll(\"iframe.wp-embedded-content\"),r=0;r<s.length;r++)(t=(e=s[r]).getAttribute(\"data-secret\"))||(t=Math.random().toString(36).substring(2,12),e.src+=\"#?secret=\"+t,e.setAttribute(\"data-secret\",t)),e.contentWindow.postMessage({message:\"ready\",secret:t},\"*\")},!1)))}(window,document);\n\/* ]]> *\/\n<\/script>\n","description":"El Pincel de la Paz y los maestros de la Armon\u00eda a trav\u00e9s de la pintura Por: Ot\u00e1vio Lukaisus Garcia I 28 de septiembre de 2023 En la semana del 25 de septiembre de 2023, se present\u00f3 el Museo de la Paz en el Colegio Miguel de Cervantes, una idea innovadora concebida por el profesor [&hellip;]","thumbnail_url":"https:\/\/www.cmc.com.br\/hispanidad2023\/wp-content\/uploads\/2023\/09\/WhatsApp-Image-2023-09-28-at-5.4-5-1-150x150.jpg"}

El Pincel de la Paz y los maestros de la Armonía a través de la pintura Por: Otávio Lukaisus Garcia I 28 de septiembre de 2023 En la semana del 25 de septiembre de 2023, se presentó el Museo de la Paz en el Colegio Miguel de Cervantes, una idea innovadora concebida por el profesor [&hellip;]
