{"version":"1.0","provider_name":"Hispanidad - CMC","provider_url":"https:\/\/www.cmc.com.br\/hispanidad2023","author_name":"admin","author_url":"https:\/\/www.cmc.com.br\/hispanidad2023\/author\/admin\/","title":"Picasso y la relatividad - Hispanidad - CMC","type":"rich","width":600,"height":338,"html":"<blockquote class=\"wp-embedded-content\" data-secret=\"4l88QgiJ4M\"><a href=\"https:\/\/www.cmc.com.br\/hispanidad2023\/conteudos\/picasso-y-la-relatividad\/\">Picasso y la relatividad<\/a><\/blockquote><iframe sandbox=\"allow-scripts\" security=\"restricted\" src=\"https:\/\/www.cmc.com.br\/hispanidad2023\/conteudos\/picasso-y-la-relatividad\/embed\/#?secret=4l88QgiJ4M\" width=\"600\" height=\"338\" title=\"&#8220;Picasso y la relatividad&#8221; &#8212; Hispanidad - CMC\" data-secret=\"4l88QgiJ4M\" frameborder=\"0\" marginwidth=\"0\" marginheight=\"0\" scrolling=\"no\" class=\"wp-embedded-content\"><\/iframe><script type=\"text\/javascript\">\n\/* <![CDATA[ *\/\n\/*! This file is auto-generated *\/\n!function(d,l){\"use strict\";l.querySelector&&d.addEventListener&&\"undefined\"!=typeof URL&&(d.wp=d.wp||{},d.wp.receiveEmbedMessage||(d.wp.receiveEmbedMessage=function(e){var t=e.data;if((t||t.secret||t.message||t.value)&&!\/[^a-zA-Z0-9]\/.test(t.secret)){for(var s,r,n,a=l.querySelectorAll('iframe[data-secret=\"'+t.secret+'\"]'),o=l.querySelectorAll('blockquote[data-secret=\"'+t.secret+'\"]'),c=new RegExp(\"^https?:$\",\"i\"),i=0;i<o.length;i++)o[i].style.display=\"none\";for(i=0;i<a.length;i++)s=a[i],e.source===s.contentWindow&&(s.removeAttribute(\"style\"),\"height\"===t.message?(1e3<(r=parseInt(t.value,10))?r=1e3:~~r<200&&(r=200),s.height=r):\"link\"===t.message&&(r=new URL(s.getAttribute(\"src\")),n=new URL(t.value),c.test(n.protocol))&&n.host===r.host&&l.activeElement===s&&(d.top.location.href=t.value))}},d.addEventListener(\"message\",d.wp.receiveEmbedMessage,!1),l.addEventListener(\"DOMContentLoaded\",function(){for(var e,t,s=l.querySelectorAll(\"iframe.wp-embedded-content\"),r=0;r<s.length;r++)(t=(e=s[r]).getAttribute(\"data-secret\"))||(t=Math.random().toString(36).substring(2,12),e.src+=\"#?secret=\"+t,e.setAttribute(\"data-secret\",t)),e.contentWindow.postMessage({message:\"ready\",secret:t},\"*\")},!1)))}(window,document);\n\/* ]]> *\/\n<\/script>\n","description":"Explorando la f\u00edsica en las obras de Picasso Por Alex Chequer | 28 de septiembre de 2023 En el marco del XXXII Congreso Hispanidad: de las Artes, Ciencias y Letras, un grupo de estudiantes del colegio Miguel de Cervantes se uni\u00f3 para explorar una conexi\u00f3n fascinante entre el arte de Pablo Picasso y la teor\u00eda [&hellip;]","thumbnail_url":"https:\/\/www.cmc.com.br\/hispanidad2023\/wp-content\/uploads\/2023\/09\/imagem-1-picasso-y-la-relativida-300x199.jpg"}

Explorando la física en las obras de Picasso Por Alex Chequer | 28 de septiembre de 2023 En el marco del XXXII Congreso Hispanidad: de las Artes, Ciencias y Letras, un grupo de estudiantes del colegio Miguel de Cervantes se unió para explorar una conexión fascinante entre el arte de Pablo Picasso y la teoría [&hellip;]
