{"id":2031,"date":"2023-09-28T10:09:18","date_gmt":"2023-09-28T13:09:18","guid":{"rendered":"https:\/\/www.cmc.com.br\/hispanidad2023\/wp-content\/uploads\/2023\/09\/apresentacao-pt-2.jpg"},"modified":"2023-09-28T10:10:11","modified_gmt":"2023-09-28T13:10:11","slug":"apresentacao-pt-2","status":"inherit","type":"attachment","link":"https:\/\/www.cmc.com.br\/hispanidad2023\/apresentacao-pt-2\/","title":{"rendered":"apresenta\u00e7\u00e3o pt 2"},"author":1,"featured_media":0,"comment_status":"open","ping_status":"closed","template":"","meta":[],"class_list":["post-2031","attachment","type-attachment","status-inherit","hentry"],"yoast_head":"<!-- This site is optimized with the Yoast SEO plugin v26.0 - https:\/\/yoast.com\/wordpress\/plugins\/seo\/ -->\n<title>apresenta\u00e7\u00e3o pt 2 - Hispanidad - CMC<\/title>\n<meta name=\"robots\" content=\"index, follow, max-snippet:-1, max-image-preview:large, max-video-preview:-1\" \/>\n<link rel=\"canonical\" href=\"https:\/\/www.cmc.com.br\/hispanidad2023\/wp-content\/uploads\/2023\/09\/apresentacao-pt-2.jpg\" \/>\n<meta property=\"og:locale\" content=\"pt_BR\" \/>\n<meta property=\"og:type\" content=\"article\" \/>\n<meta property=\"og:title\" content=\"apresenta\u00e7\u00e3o pt 2 - Hispanidad - CMC\" \/>\n<meta property=\"og:description\" content=\"Presentaci\u00f3n - Picasso y la relaci\u00f3n con el fotoperiodismo\" \/>\n<meta property=\"og:url\" content=\"https:\/\/www.cmc.com.br\/hispanidad2023\/wp-content\/uploads\/2023\/09\/apresentacao-pt-2.jpg\" \/>\n<meta property=\"og:site_name\" content=\"Hispanidad - CMC\" \/>\n<meta property=\"article:modified_time\" content=\"2023-09-28T13:10:11+00:00\" \/>\n<meta property=\"og:image\" content=\"https:\/\/www.cmc.com.br\/hispanidad2023\/wp-content\/uploads\/2023\/09\/apresentacao-pt-2.jpg\" \/>\n\t<meta property=\"og:image:width\" content=\"750\" \/>\n\t<meta property=\"og:image:height\" content=\"563\" \/>\n\t<meta property=\"og:image:type\" content=\"image\/jpeg\" \/>\n<meta name=\"twitter:card\" content=\"summary_large_image\" \/>\n<script type=\"application\/ld+json\" class=\"yoast-schema-graph\">{\"@context\":\"https:\/\/schema.org\",\"@graph\":[{\"@type\":\"WebPage\",\"@id\":\"https:\/\/www.cmc.com.br\/hispanidad2023\/wp-content\/uploads\/2023\/09\/apresentacao-pt-2.jpg\",\"url\":\"https:\/\/www.cmc.com.br\/hispanidad2023\/wp-content\/uploads\/2023\/09\/apresentacao-pt-2.jpg\",\"name\":\"apresenta\u00e7\u00e3o pt 2 - Hispanidad - CMC\",\"isPartOf\":{\"@id\":\"https:\/\/www.cmc.com.br\/hispanidad2021\/#website\"},\"datePublished\":\"2023-09-28T13:09:18+00:00\",\"dateModified\":\"2023-09-28T13:10:11+00:00\",\"breadcrumb\":{\"@id\":\"https:\/\/www.cmc.com.br\/hispanidad2023\/wp-content\/uploads\/2023\/09\/apresentacao-pt-2.jpg#breadcrumb\"},\"inLanguage\":\"pt-BR\",\"potentialAction\":[{\"@type\":\"ReadAction\",\"target\":[\"https:\/\/www.cmc.com.br\/hispanidad2023\/wp-content\/uploads\/2023\/09\/apresentacao-pt-2.jpg\"]}]},{\"@type\":\"BreadcrumbList\",\"@id\":\"https:\/\/www.cmc.com.br\/hispanidad2023\/wp-content\/uploads\/2023\/09\/apresentacao-pt-2.jpg#breadcrumb\",\"itemListElement\":[{\"@type\":\"ListItem\",\"position\":1,\"name\":\"In\u00edcio\",\"item\":\"https:\/\/www.cmc.com.br\/hispanidad2021\/\"},{\"@type\":\"ListItem\",\"position\":2,\"name\":\"apresenta\u00e7\u00e3o pt 2\"}]},{\"@type\":\"WebSite\",\"@id\":\"https:\/\/www.cmc.com.br\/hispanidad2021\/#website\",\"url\":\"https:\/\/www.cmc.com.br\/hispanidad2021\/\",\"name\":\"Hispanidad - CMC\",\"description\":\"\",\"potentialAction\":[{\"@type\":\"SearchAction\",\"target\":{\"@type\":\"EntryPoint\",\"urlTemplate\":\"https:\/\/www.cmc.com.br\/hispanidad2021\/?s={search_term_string}\"},\"query-input\":{\"@type\":\"PropertyValueSpecification\",\"valueRequired\":true,\"valueName\":\"search_term_string\"}}],\"inLanguage\":\"pt-BR\"}]}<\/script>\n<!-- \/ Yoast SEO plugin. -->","yoast_head_json":{"title":"apresenta\u00e7\u00e3o pt 2 - Hispanidad - CMC","robots":{"index":"index","follow":"follow","max-snippet":"max-snippet:-1","max-image-preview":"max-image-preview:large","max-video-preview":"max-video-preview:-1"},"canonical":"https:\/\/www.cmc.com.br\/hispanidad2023\/wp-content\/uploads\/2023\/09\/apresentacao-pt-2.jpg","og_locale":"pt_BR","og_type":"article","og_title":"apresenta\u00e7\u00e3o pt 2 - Hispanidad - CMC","og_description":"Presentaci\u00f3n - Picasso y la relaci\u00f3n con el fotoperiodismo","og_url":"https:\/\/www.cmc.com.br\/hispanidad2023\/wp-content\/uploads\/2023\/09\/apresentacao-pt-2.jpg","og_site_name":"Hispanidad - CMC","article_modified_time":"2023-09-28T13:10:11+00:00","og_image":[{"width":750,"height":563,"url":"https:\/\/www.cmc.com.br\/hispanidad2023\/wp-content\/uploads\/2023\/09\/apresentacao-pt-2.jpg","type":"image\/jpeg"}],"twitter_card":"summary_large_image","schema":{"@context":"https:\/\/schema.org","@graph":[{"@type":"WebPage","@id":"https:\/\/www.cmc.com.br\/hispanidad2023\/wp-content\/uploads\/2023\/09\/apresentacao-pt-2.jpg","url":"https:\/\/www.cmc.com.br\/hispanidad2023\/wp-content\/uploads\/2023\/09\/apresentacao-pt-2.jpg","name":"apresenta\u00e7\u00e3o pt 2 - Hispanidad - CMC","isPartOf":{"@id":"https:\/\/www.cmc.com.br\/hispanidad2021\/#website"},"datePublished":"2023-09-28T13:09:18+00:00","dateModified":"2023-09-28T13:10:11+00:00","breadcrumb":{"@id":"https:\/\/www.cmc.com.br\/hispanidad2023\/wp-content\/uploads\/2023\/09\/apresentacao-pt-2.jpg#breadcrumb"},"inLanguage":"pt-BR","potentialAction":[{"@type":"ReadAction","target":["https:\/\/www.cmc.com.br\/hispanidad2023\/wp-content\/uploads\/2023\/09\/apresentacao-pt-2.jpg"]}]},{"@type":"BreadcrumbList","@id":"https:\/\/www.cmc.com.br\/hispanidad2023\/wp-content\/uploads\/2023\/09\/apresentacao-pt-2.jpg#breadcrumb","itemListElement":[{"@type":"ListItem","position":1,"name":"In\u00edcio","item":"https:\/\/www.cmc.com.br\/hispanidad2021\/"},{"@type":"ListItem","position":2,"name":"apresenta\u00e7\u00e3o pt 2"}]},{"@type":"WebSite","@id":"https:\/\/www.cmc.com.br\/hispanidad2021\/#website","url":"https:\/\/www.cmc.com.br\/hispanidad2021\/","name":"Hispanidad - CMC","description":"","potentialAction":[{"@type":"SearchAction","target":{"@type":"EntryPoint","urlTemplate":"https:\/\/www.cmc.com.br\/hispanidad2021\/?s={search_term_string}"},"query-input":{"@type":"PropertyValueSpecification","valueRequired":true,"valueName":"search_term_string"}}],"inLanguage":"pt-BR"}]}},"description":{"rendered":"<p class=\"attachment\"><a href='https:\/\/www.cmc.com.br\/hispanidad2023\/wp-content\/uploads\/2023\/09\/apresentacao-pt-2.jpg'><img loading=\"lazy\" decoding=\"async\" width=\"300\" height=\"225\" src=\"https:\/\/www.cmc.com.br\/hispanidad2023\/wp-content\/uploads\/2023\/09\/apresentacao-pt-2-300x225.jpg\" class=\"attachment-medium size-medium\" alt=\"\" srcset=\"https:\/\/www.cmc.com.br\/hispanidad2023\/wp-content\/uploads\/2023\/09\/apresentacao-pt-2-300x225.jpg 300w, https:\/\/www.cmc.com.br\/hispanidad2023\/wp-content\/uploads\/2023\/09\/apresentacao-pt-2.jpg 750w\" sizes=\"auto, (max-width: 300px) 100vw, 300px\" \/><\/a><\/p>\n"},"caption":{"rendered":"<p>Presentaci\u00f3n &#8211; Picasso y la relaci\u00f3n con el fotoperiodismo<\/p>\n"},"alt_text":"","media_type":"image","mime_type":"image\/jpeg","media_details":{"width":750,"height":563,"file":"2023\/09\/apresentacao-pt-2.jpg","filesize":120430,"sizes":{"medium":{"file":"apresentacao-pt-2-300x225.jpg","width":300,"height":225,"filesize":26338,"mime_type":"image\/jpeg","source_url":"https:\/\/www.cmc.com.br\/hispanidad2023\/wp-content\/uploads\/2023\/09\/apresentacao-pt-2-300x225.jpg"},"thumbnail":{"file":"apresentacao-pt-2-150x150.jpg","width":150,"height":150,"filesize":19526,"mime_type":"image\/jpeg","source_url":"https:\/\/www.cmc.com.br\/hispanidad2023\/wp-content\/uploads\/2023\/09\/apresentacao-pt-2-150x150.jpg"},"destaque-1":{"file":"apresentacao-pt-2-600x480.jpg","width":600,"height":480,"filesize":50385,"mime_type":"image\/jpeg","source_url":"https:\/\/www.cmc.com.br\/hispanidad2023\/wp-content\/uploads\/2023\/09\/apresentacao-pt-2-600x480.jpg"},"destaque-2":{"file":"apresentacao-pt-2-260x178.jpg","width":260,"height":178,"filesize":23559,"mime_type":"image\/jpeg","source_url":"https:\/\/www.cmc.com.br\/hispanidad2023\/wp-content\/uploads\/2023\/09\/apresentacao-pt-2-260x178.jpg"},"destaque-3":{"file":"apresentacao-pt-2-250x131.jpg","width":250,"height":131,"filesize":21344,"mime_type":"image\/jpeg","source_url":"https:\/\/www.cmc.com.br\/hispanidad2023\/wp-content\/uploads\/2023\/09\/apresentacao-pt-2-250x131.jpg"},"destaque-cmc":{"file":"apresentacao-pt-2-90x127.jpg","width":90,"height":127,"filesize":17562,"mime_type":"image\/jpeg","source_url":"https:\/\/www.cmc.com.br\/hispanidad2023\/wp-content\/uploads\/2023\/09\/apresentacao-pt-2-90x127.jpg"},"full":{"file":"apresentacao-pt-2.jpg","width":750,"height":563,"mime_type":"image\/jpeg","source_url":"https:\/\/www.cmc.com.br\/hispanidad2023\/wp-content\/uploads\/2023\/09\/apresentacao-pt-2.jpg"}},"image_meta":{"aperture":"1.8","credit":"","camera":"iPhone 11","caption":"","created_timestamp":"1695889857","copyright":"","focal_length":"4.25","iso":"400","shutter_speed":"0.025","title":"","orientation":"1","keywords":[]}},"post":null,"source_url":"https:\/\/www.cmc.com.br\/hispanidad2023\/wp-content\/uploads\/2023\/09\/apresentacao-pt-2.jpg","_links":{"self":[{"href":"https:\/\/www.cmc.com.br\/hispanidad2023\/wp-json\/wp\/v2\/media\/2031","targetHints":{"allow":["GET"]}}],"collection":[{"href":"https:\/\/www.cmc.com.br\/hispanidad2023\/wp-json\/wp\/v2\/media"}],"about":[{"href":"https:\/\/www.cmc.com.br\/hispanidad2023\/wp-json\/wp\/v2\/types\/attachment"}],"author":[{"embeddable":true,"href":"https:\/\/www.cmc.com.br\/hispanidad2023\/wp-json\/wp\/v2\/users\/1"}],"replies":[{"embeddable":true,"href":"https:\/\/www.cmc.com.br\/hispanidad2023\/wp-json\/wp\/v2\/comments?post=2031"}]}}

apresentação pt 2

<!-- This site is optimized with the Yoast SEO plugin v26.0 - https://yoast.com/wordpress/plugins/seo/ -->
<title>apresentação pt 2 - Hispanidad - CMC</title>
<meta name="robots" content="index, follow, max-snippet:-1, max-image-preview:large, max-video-preview:-1" />
<link rel="canonical" href="https://www.cmc.com.br/hispanidad2023/wp-content/uploads/2023/09/apresentacao-pt-2.jpg" />
<meta property="og:locale" content="pt_BR" />
<meta property="og:type" content="article" />
<meta property="og:title" content="apresentação pt 2 - Hispanidad - CMC" />
<meta property="og:description" content="Presentación - Picasso y la relación con el fotoperiodismo" />
<meta property="og:url" content="https://www.cmc.com.br/hispanidad2023/wp-content/uploads/2023/09/apresentacao-pt-2.jpg" />
<meta property="og:site_name" content="Hispanidad - CMC" />
<meta property="article:modified_time" content="2023-09-28T13:10:11+00:00" />
<meta property="og:image" content="https://www.cmc.com.br/hispanidad2023/wp-content/uploads/2023/09/apresentacao-pt-2.jpg" />
	<meta property="og:image:width" content="750" />
	<meta property="og:image:height" content="563" />
	<meta property="og:image:type" content="image/jpeg" />
<meta name="twitter:card" content="summary_large_image" />
<script type="application/ld+json" class="yoast-schema-graph">{"@context":"https://schema.org","@graph":[{"@type":"WebPage","@id":"https://www.cmc.com.br/hispanidad2023/wp-content/uploads/2023/09/apresentacao-pt-2.jpg","url":"https://www.cmc.com.br/hispanidad2023/wp-content/uploads/2023/09/apresentacao-pt-2.jpg","name":"apresentação pt 2 - Hispanidad - CMC","isPartOf":{"@id":"https://www.cmc.com.br/hispanidad2021/#website"},"datePublished":"2023-09-28T13:09:18+00:00","dateModified":"2023-09-28T13:10:11+00:00","breadcrumb":{"@id":"https://www.cmc.com.br/hispanidad2023/wp-content/uploads/2023/09/apresentacao-pt-2.jpg#breadcrumb"},"inLanguage":"pt-BR","potentialAction":[{"@type":"ReadAction","target":["https://www.cmc.com.br/hispanidad2023/wp-content/uploads/2023/09/apresentacao-pt-2.jpg"]}]},{"@type":"BreadcrumbList","@id":"https://www.cmc.com.br/hispanidad2023/wp-content/uploads/2023/09/apresentacao-pt-2.jpg#breadcrumb","itemListElement":[{"@type":"ListItem","position":1,"name":"Início","item":"https://www.cmc.com.br/hispanidad2021/"},{"@type":"ListItem","position":2,"name":"apresentação pt 2"}]},{"@type":"WebSite","@id":"https://www.cmc.com.br/hispanidad2021/#website","url":"https://www.cmc.com.br/hispanidad2021/","name":"Hispanidad - CMC","description":"","potentialAction":[{"@type":"SearchAction","target":{"@type":"EntryPoint","urlTemplate":"https://www.cmc.com.br/hispanidad2021/?s={search_term_string}"},"query-input":{"@type":"PropertyValueSpecification","valueRequired":true,"valueName":"search_term_string"}}],"inLanguage":"pt-BR"}]}</script>
<!-- / Yoast SEO plugin. -->

apresentação pt 2 - Hispanidad - CMC

Presentación - Picasso y la relación con el fotoperiodismo

Início

<p>Presentación &#8211; Picasso y la relación con el fotoperiodismo</p>
