{"version":"1.0","provider_name":"Hispanidad - CMC","provider_url":"https:\/\/www.cmc.com.br\/hispanidad2025","author_name":"Helena Bemelmans","author_url":"https:\/\/www.cmc.com.br\/hispanidad2025\/author\/helena\/","title":"\u00bfQu\u00e9 pasa? Con Helena Andreotti - Hispanidad - CMC","type":"rich","width":600,"height":338,"html":"<blockquote class=\"wp-embedded-content\" data-secret=\"xUBAsY88ok\"><a href=\"https:\/\/www.cmc.com.br\/hispanidad2025\/conteudos\/que-pasa-con-helena-andreotti\/\">\u00bfQu\u00e9 pasa? Con Helena Andreotti<\/a><\/blockquote><iframe sandbox=\"allow-scripts\" security=\"restricted\" src=\"https:\/\/www.cmc.com.br\/hispanidad2025\/conteudos\/que-pasa-con-helena-andreotti\/embed\/#?secret=xUBAsY88ok\" width=\"600\" height=\"338\" title=\"&#8220;\u00bfQu\u00e9 pasa? Con Helena Andreotti&#8221; &#8212; Hispanidad - CMC\" data-secret=\"xUBAsY88ok\" frameborder=\"0\" marginwidth=\"0\" marginheight=\"0\" scrolling=\"no\" class=\"wp-embedded-content\"><\/iframe><script type=\"text\/javascript\">\n\/* <![CDATA[ *\/\n\/*! This file is auto-generated *\/\n!function(d,l){\"use strict\";l.querySelector&&d.addEventListener&&\"undefined\"!=typeof URL&&(d.wp=d.wp||{},d.wp.receiveEmbedMessage||(d.wp.receiveEmbedMessage=function(e){var t=e.data;if((t||t.secret||t.message||t.value)&&!\/[^a-zA-Z0-9]\/.test(t.secret)){for(var s,r,n,a=l.querySelectorAll('iframe[data-secret=\"'+t.secret+'\"]'),o=l.querySelectorAll('blockquote[data-secret=\"'+t.secret+'\"]'),c=new RegExp(\"^https?:$\",\"i\"),i=0;i<o.length;i++)o[i].style.display=\"none\";for(i=0;i<a.length;i++)s=a[i],e.source===s.contentWindow&&(s.removeAttribute(\"style\"),\"height\"===t.message?(1e3<(r=parseInt(t.value,10))?r=1e3:~~r<200&&(r=200),s.height=r):\"link\"===t.message&&(r=new URL(s.getAttribute(\"src\")),n=new URL(t.value),c.test(n.protocol))&&n.host===r.host&&l.activeElement===s&&(d.top.location.href=t.value))}},d.addEventListener(\"message\",d.wp.receiveEmbedMessage,!1),l.addEventListener(\"DOMContentLoaded\",function(){for(var e,t,s=l.querySelectorAll(\"iframe.wp-embedded-content\"),r=0;r<s.length;r++)(t=(e=s[r]).getAttribute(\"data-secret\"))||(t=Math.random().toString(36).substring(2,12),e.src+=\"#?secret=\"+t,e.setAttribute(\"data-secret\",t)),e.contentWindow.postMessage({message:\"ready\",secret:t},\"*\")},!1)))}(window,document);\n\/* ]]> *\/\n<\/script>\n","description":"Trabajos del primer d\u00eda del Congreso de la Hispanidad 2025 Por: Helena Tomimatsu Bemelmans I 10 de octubre de 2025 Entrevista del \u00bfQu\u00e9 pasa? con la alumna Helena Andreotti del 3\u00b0 curso de Ense\u00f1anza M\u00e9dia, sobre su parecer de algunas presentaciones del primer d\u00eda del Congreso de la Hispanidad de 2025."}

¿Qué pasa? Con Helena Andreotti - Hispanidad - CMC

<blockquote class="wp-embedded-content" data-secret="xUBAsY88ok"><a href="https://www.cmc.com.br/hispanidad2025/conteudos/que-pasa-con-helena-andreotti/">¿Qué pasa? Con Helena Andreotti</a></blockquote><iframe sandbox="allow-scripts" security="restricted" src="https://www.cmc.com.br/hispanidad2025/conteudos/que-pasa-con-helena-andreotti/embed/#?secret=xUBAsY88ok" width="600" height="338" title="&#8220;¿Qué pasa? Con Helena Andreotti&#8221; &#8212; Hispanidad - CMC" data-secret="xUBAsY88ok" frameborder="0" marginwidth="0" marginheight="0" scrolling="no" class="wp-embedded-content"></iframe><script type="text/javascript">
/* <![CDATA[ */
/*! This file is auto-generated */
!function(d,l){"use strict";l.querySelector&&d.addEventListener&&"undefined"!=typeof URL&&(d.wp=d.wp||{},d.wp.receiveEmbedMessage||(d.wp.receiveEmbedMessage=function(e){var t=e.data;if((t||t.secret||t.message||t.value)&&!/[^a-zA-Z0-9]/.test(t.secret)){for(var s,r,n,a=l.querySelectorAll('iframe[data-secret="'+t.secret+'"]'),o=l.querySelectorAll('blockquote[data-secret="'+t.secret+'"]'),c=new RegExp("^https?:$","i"),i=0;i<o.length;i++)o[i].style.display="none";for(i=0;i<a.length;i++)s=a[i],e.source===s.contentWindow&&(s.removeAttribute("style"),"height"===t.message?(1e3<(r=parseInt(t.value,10))?r=1e3:~~r<200&&(r=200),s.height=r):"link"===t.message&&(r=new URL(s.getAttribute("src")),n=new URL(t.value),c.test(n.protocol))&&n.host===r.host&&l.activeElement===s&&(d.top.location.href=t.value))}},d.addEventListener("message",d.wp.receiveEmbedMessage,!1),l.addEventListener("DOMContentLoaded",function(){for(var e,t,s=l.querySelectorAll("iframe.wp-embedded-content"),r=0;r<s.length;r++)(t=(e=s[r]).getAttribute("data-secret"))||(t=Math.random().toString(36).substring(2,12),e.src+="#?secret="+t,e.setAttribute("data-secret",t)),e.contentWindow.postMessage({message:"ready",secret:t},"*")},!1)))}(window,document);
/* ]]> */
</script>

Trabajos del primer día del Congreso de la Hispanidad 2025 Por: Helena Tomimatsu Bemelmans I 10 de octubre de 2025 Entrevista del ¿Qué pasa? con la alumna Helena Andreotti del 3° curso de Enseñanza Média, sobre su parecer de algunas presentaciones del primer día del Congreso de la Hispanidad de 2025.
